{"id":919,"date":"2026-03-14T12:49:30","date_gmt":"2026-03-14T11:49:30","guid":{"rendered":"http:\/\/www.lesnapolanaslawno.pl\/?page_id=919"},"modified":"2026-03-14T12:49:31","modified_gmt":"2026-03-14T11:49:31","slug":"rok-2026","status":"publish","type":"page","link":"http:\/\/www.lesnapolanaslawno.pl\/index.php\/rok-2026\/","title":{"rendered":"Rok 2026"},"content":{"rendered":"\n<p id=\"block-4d5ea18d-6295-434b-ab71-5922b5fba044\"><a href=\"https:\/\/photos.app.goo.gl\/4dhcUJqoyzgpBmoA6\"><strong>Polowania zbiorowe 10-11 01 20264<\/strong><\/a><\/p>\n","protected":false},"excerpt":{"rendered":"<p>Polowania zbiorowe 10-11 01 20264<\/p>\n","protected":false},"author":1,"featured_media":920,"parent":0,"menu_order":0,"comment_status":"closed","ping_status":"closed","template":"","meta":[],"yoast_head":"<!-- This site is optimized with the Yoast SEO plugin v17.1 - https:\/\/yoast.com\/wordpress\/plugins\/seo\/ -->\n<title>Rok 2026 - Ko\u0142o \u0141owieckie &quot;Le\u015bna Polana w S\u0142awnie&quot;<\/title>\n<meta name=\"robots\" content=\"index, follow, max-snippet:-1, max-image-preview:large, max-video-preview:-1\" \/>\n<link rel=\"canonical\" href=\"http:\/\/www.lesnapolanaslawno.pl\/index.php\/rok-2026\/\" \/>\n<meta property=\"og:locale\" content=\"pl_PL\" \/>\n<meta property=\"og:type\" content=\"article\" \/>\n<meta property=\"og:title\" content=\"Rok 2026 - Ko\u0142o \u0141owieckie &quot;Le\u015bna Polana w S\u0142awnie&quot;\" \/>\n<meta property=\"og:description\" content=\"Polowania zbiorowe 10-11 01 20264\" \/>\n<meta property=\"og:url\" content=\"http:\/\/www.lesnapolanaslawno.pl\/index.php\/rok-2026\/\" \/>\n<meta property=\"og:site_name\" content=\"Ko\u0142o \u0141owieckie &quot;Le\u015bna Polana w S\u0142awnie&quot;\" \/>\n<meta property=\"article:modified_time\" content=\"2026-03-14T11:49:31+00:00\" \/>\n<meta property=\"og:image\" content=\"http:\/\/www.lesnapolanaslawno.pl\/wp-content\/uploads\/2026\/03\/Zbiorowe-LP-10_11-01-2026-13-scaled.jpg\" \/>\n\t<meta property=\"og:image:width\" content=\"2560\" \/>\n\t<meta property=\"og:image:height\" content=\"1910\" \/>\n<meta name=\"twitter:card\" content=\"summary\" \/>\n<script type=\"application\/ld+json\" class=\"yoast-schema-graph\">{\"@context\":\"https:\/\/schema.org\",\"@graph\":[{\"@type\":\"WebSite\",\"@id\":\"http:\/\/www.lesnapolanaslawno.pl\/#website\",\"url\":\"http:\/\/www.lesnapolanaslawno.pl\/\",\"name\":\"Ko\\u0142o \\u0141owieckie &quot;Le\\u015bna Polana w S\\u0142awnie&quot;\",\"description\":\"Przybli\\u017camy tematyk\\u0119 \\u0142owieck\\u0105, informujemy cz\\u0142onk\\u00f3w ko\\u0142a o bie\\u017c\\u0105cych wydarzeniach.\",\"potentialAction\":[{\"@type\":\"SearchAction\",\"target\":{\"@type\":\"EntryPoint\",\"urlTemplate\":\"http:\/\/www.lesnapolanaslawno.pl\/?s={search_term_string}\"},\"query-input\":\"required name=search_term_string\"}],\"inLanguage\":\"pl-PL\"},{\"@type\":\"ImageObject\",\"@id\":\"http:\/\/www.lesnapolanaslawno.pl\/index.php\/rok-2026\/#primaryimage\",\"inLanguage\":\"pl-PL\",\"url\":\"http:\/\/www.lesnapolanaslawno.pl\/wp-content\/uploads\/2026\/03\/Zbiorowe-LP-10_11-01-2026-13-scaled.jpg\",\"contentUrl\":\"http:\/\/www.lesnapolanaslawno.pl\/wp-content\/uploads\/2026\/03\/Zbiorowe-LP-10_11-01-2026-13-scaled.jpg\",\"width\":2560,\"height\":1910},{\"@type\":\"WebPage\",\"@id\":\"http:\/\/www.lesnapolanaslawno.pl\/index.php\/rok-2026\/#webpage\",\"url\":\"http:\/\/www.lesnapolanaslawno.pl\/index.php\/rok-2026\/\",\"name\":\"Rok 2026 - Ko\\u0142o \\u0141owieckie &quot;Le\\u015bna Polana w S\\u0142awnie&quot;\",\"isPartOf\":{\"@id\":\"http:\/\/www.lesnapolanaslawno.pl\/#website\"},\"primaryImageOfPage\":{\"@id\":\"http:\/\/www.lesnapolanaslawno.pl\/index.php\/rok-2026\/#primaryimage\"},\"datePublished\":\"2026-03-14T11:49:30+00:00\",\"dateModified\":\"2026-03-14T11:49:31+00:00\",\"breadcrumb\":{\"@id\":\"http:\/\/www.lesnapolanaslawno.pl\/index.php\/rok-2026\/#breadcrumb\"},\"inLanguage\":\"pl-PL\",\"potentialAction\":[{\"@type\":\"ReadAction\",\"target\":[\"http:\/\/www.lesnapolanaslawno.pl\/index.php\/rok-2026\/\"]}]},{\"@type\":\"BreadcrumbList\",\"@id\":\"http:\/\/www.lesnapolanaslawno.pl\/index.php\/rok-2026\/#breadcrumb\",\"itemListElement\":[{\"@type\":\"ListItem\",\"position\":1,\"name\":\"Strona g\\u0142\\u00f3wna\",\"item\":\"http:\/\/www.lesnapolanaslawno.pl\/\"},{\"@type\":\"ListItem\",\"position\":2,\"name\":\"Rok 2026\"}]}]}<\/script>\n<!-- \/ Yoast SEO plugin. -->","yoast_head_json":{"title":"Rok 2026 - Ko\u0142o \u0141owieckie &quot;Le\u015bna Polana w S\u0142awnie&quot;","robots":{"index":"index","follow":"follow","max-snippet":"max-snippet:-1","max-image-preview":"max-image-preview:large","max-video-preview":"max-video-preview:-1"},"canonical":"http:\/\/www.lesnapolanaslawno.pl\/index.php\/rok-2026\/","og_locale":"pl_PL","og_type":"article","og_title":"Rok 2026 - Ko\u0142o \u0141owieckie &quot;Le\u015bna Polana w S\u0142awnie&quot;","og_description":"Polowania zbiorowe 10-11 01 20264","og_url":"http:\/\/www.lesnapolanaslawno.pl\/index.php\/rok-2026\/","og_site_name":"Ko\u0142o \u0141owieckie &quot;Le\u015bna Polana w S\u0142awnie&quot;","article_modified_time":"2026-03-14T11:49:31+00:00","og_image":[{"width":2560,"height":1910,"filesize":617766,"url":"http:\/\/www.lesnapolanaslawno.pl\/wp-content\/uploads\/2026\/03\/Zbiorowe-LP-10_11-01-2026-13-scaled.jpg","path":"\/home\/lesnapolkj\/www\/wp-content\/uploads\/2026\/03\/Zbiorowe-LP-10_11-01-2026-13-scaled.jpg","size":"full","id":920,"alt":"","pixels":4889600,"type":"image\/jpeg"}],"twitter_card":"summary","schema":{"@context":"https:\/\/schema.org","@graph":[{"@type":"WebSite","@id":"http:\/\/www.lesnapolanaslawno.pl\/#website","url":"http:\/\/www.lesnapolanaslawno.pl\/","name":"Ko\u0142o \u0141owieckie &quot;Le\u015bna Polana w S\u0142awnie&quot;","description":"Przybli\u017camy tematyk\u0119 \u0142owieck\u0105, informujemy cz\u0142onk\u00f3w ko\u0142a o bie\u017c\u0105cych wydarzeniach.","potentialAction":[{"@type":"SearchAction","target":{"@type":"EntryPoint","urlTemplate":"http:\/\/www.lesnapolanaslawno.pl\/?s={search_term_string}"},"query-input":"required name=search_term_string"}],"inLanguage":"pl-PL"},{"@type":"ImageObject","@id":"http:\/\/www.lesnapolanaslawno.pl\/index.php\/rok-2026\/#primaryimage","inLanguage":"pl-PL","url":"http:\/\/www.lesnapolanaslawno.pl\/wp-content\/uploads\/2026\/03\/Zbiorowe-LP-10_11-01-2026-13-scaled.jpg","contentUrl":"http:\/\/www.lesnapolanaslawno.pl\/wp-content\/uploads\/2026\/03\/Zbiorowe-LP-10_11-01-2026-13-scaled.jpg","width":2560,"height":1910},{"@type":"WebPage","@id":"http:\/\/www.lesnapolanaslawno.pl\/index.php\/rok-2026\/#webpage","url":"http:\/\/www.lesnapolanaslawno.pl\/index.php\/rok-2026\/","name":"Rok 2026 - Ko\u0142o \u0141owieckie &quot;Le\u015bna Polana w S\u0142awnie&quot;","isPartOf":{"@id":"http:\/\/www.lesnapolanaslawno.pl\/#website"},"primaryImageOfPage":{"@id":"http:\/\/www.lesnapolanaslawno.pl\/index.php\/rok-2026\/#primaryimage"},"datePublished":"2026-03-14T11:49:30+00:00","dateModified":"2026-03-14T11:49:31+00:00","breadcrumb":{"@id":"http:\/\/www.lesnapolanaslawno.pl\/index.php\/rok-2026\/#breadcrumb"},"inLanguage":"pl-PL","potentialAction":[{"@type":"ReadAction","target":["http:\/\/www.lesnapolanaslawno.pl\/index.php\/rok-2026\/"]}]},{"@type":"BreadcrumbList","@id":"http:\/\/www.lesnapolanaslawno.pl\/index.php\/rok-2026\/#breadcrumb","itemListElement":[{"@type":"ListItem","position":1,"name":"Strona g\u0142\u00f3wna","item":"http:\/\/www.lesnapolanaslawno.pl\/"},{"@type":"ListItem","position":2,"name":"Rok 2026"}]}]}},"_links":{"self":[{"href":"http:\/\/www.lesnapolanaslawno.pl\/index.php\/wp-json\/wp\/v2\/pages\/919"}],"collection":[{"href":"http:\/\/www.lesnapolanaslawno.pl\/index.php\/wp-json\/wp\/v2\/pages"}],"about":[{"href":"http:\/\/www.lesnapolanaslawno.pl\/index.php\/wp-json\/wp\/v2\/types\/page"}],"author":[{"embeddable":true,"href":"http:\/\/www.lesnapolanaslawno.pl\/index.php\/wp-json\/wp\/v2\/users\/1"}],"replies":[{"embeddable":true,"href":"http:\/\/www.lesnapolanaslawno.pl\/index.php\/wp-json\/wp\/v2\/comments?post=919"}],"version-history":[{"count":1,"href":"http:\/\/www.lesnapolanaslawno.pl\/index.php\/wp-json\/wp\/v2\/pages\/919\/revisions"}],"predecessor-version":[{"id":921,"href":"http:\/\/www.lesnapolanaslawno.pl\/index.php\/wp-json\/wp\/v2\/pages\/919\/revisions\/921"}],"wp:featuredmedia":[{"embeddable":true,"href":"http:\/\/www.lesnapolanaslawno.pl\/index.php\/wp-json\/wp\/v2\/media\/920"}],"wp:attachment":[{"href":"http:\/\/www.lesnapolanaslawno.pl\/index.php\/wp-json\/wp\/v2\/media?parent=919"}],"curies":[{"name":"wp","href":"https:\/\/api.w.org\/{rel}","templated":true}]}}

<!-- This site is optimized with the Yoast SEO plugin v17.1 - https://yoast.com/wordpress/plugins/seo/ -->
<title>Rok 2026 - Koło Łowieckie &quot;Leśna Polana w Sławnie&quot;</title>
<meta name="robots" content="index, follow, max-snippet:-1, max-image-preview:large, max-video-preview:-1" />
<link rel="canonical" href="http://www.lesnapolanaslawno.pl/index.php/rok-2026/" />
<meta property="og:locale" content="pl_PL" />
<meta property="og:type" content="article" />
<meta property="og:title" content="Rok 2026 - Koło Łowieckie &quot;Leśna Polana w Sławnie&quot;" />
<meta property="og:description" content="Polowania zbiorowe 10-11 01 20264" />
<meta property="og:url" content="http://www.lesnapolanaslawno.pl/index.php/rok-2026/" />
<meta property="og:site_name" content="Koło Łowieckie &quot;Leśna Polana w Sławnie&quot;" />
<meta property="article:modified_time" content="2026-03-14T11:49:31+00:00" />
<meta property="og:image" content="http://www.lesnapolanaslawno.pl/wp-content/uploads/2026/03/Zbiorowe-LP-10_11-01-2026-13-scaled.jpg" />
	<meta property="og:image:width" content="2560" />
	<meta property="og:image:height" content="1910" />
<meta name="twitter:card" content="summary" />
<script type="application/ld+json" class="yoast-schema-graph">{"@context":"https://schema.org","@graph":[{"@type":"WebSite","@id":"http://www.lesnapolanaslawno.pl/#website","url":"http://www.lesnapolanaslawno.pl/","name":"Ko\u0142o \u0141owieckie &quot;Le\u015bna Polana w S\u0142awnie&quot;","description":"Przybli\u017camy tematyk\u0119 \u0142owieck\u0105, informujemy cz\u0142onk\u00f3w ko\u0142a o bie\u017c\u0105cych wydarzeniach.","potentialAction":[{"@type":"SearchAction","target":{"@type":"EntryPoint","urlTemplate":"http://www.lesnapolanaslawno.pl/?s={search_term_string}"},"query-input":"required name=search_term_string"}],"inLanguage":"pl-PL"},{"@type":"ImageObject","@id":"http://www.lesnapolanaslawno.pl/index.php/rok-2026/#primaryimage","inLanguage":"pl-PL","url":"http://www.lesnapolanaslawno.pl/wp-content/uploads/2026/03/Zbiorowe-LP-10_11-01-2026-13-scaled.jpg","contentUrl":"http://www.lesnapolanaslawno.pl/wp-content/uploads/2026/03/Zbiorowe-LP-10_11-01-2026-13-scaled.jpg","width":2560,"height":1910},{"@type":"WebPage","@id":"http://www.lesnapolanaslawno.pl/index.php/rok-2026/#webpage","url":"http://www.lesnapolanaslawno.pl/index.php/rok-2026/","name":"Rok 2026 - Ko\u0142o \u0141owieckie &quot;Le\u015bna Polana w S\u0142awnie&quot;","isPartOf":{"@id":"http://www.lesnapolanaslawno.pl/#website"},"primaryImageOfPage":{"@id":"http://www.lesnapolanaslawno.pl/index.php/rok-2026/#primaryimage"},"datePublished":"2026-03-14T11:49:30+00:00","dateModified":"2026-03-14T11:49:31+00:00","breadcrumb":{"@id":"http://www.lesnapolanaslawno.pl/index.php/rok-2026/#breadcrumb"},"inLanguage":"pl-PL","potentialAction":[{"@type":"ReadAction","target":["http://www.lesnapolanaslawno.pl/index.php/rok-2026/"]}]},{"@type":"BreadcrumbList","@id":"http://www.lesnapolanaslawno.pl/index.php/rok-2026/#breadcrumb","itemListElement":[{"@type":"ListItem","position":1,"name":"Strona g\u0142\u00f3wna","item":"http://www.lesnapolanaslawno.pl/"},{"@type":"ListItem","position":2,"name":"Rok 2026"}]}]}</script>
<!-- / Yoast SEO plugin. -->

Rok 2026 - Koło Łowieckie &quot;Leśna Polana w Sławnie&quot;

Koło Łowieckie &quot;Leśna Polana w Sławnie&quot;

Przybliżamy tematykę łowiecką, informujemy członków koła o bieżących wydarzeniach.

Strona główna
