{"id":86,"date":"2017-01-03T14:52:17","date_gmt":"2017-01-03T13:52:17","guid":{"rendered":"http:\/\/www.lesnapolanaslawno.pl\/?page_id=86"},"modified":"2020-03-22T13:17:30","modified_gmt":"2020-03-22T12:17:30","slug":"wspolpraca-i-edukacja","status":"publish","type":"page","link":"http:\/\/www.lesnapolanaslawno.pl\/index.php\/kolo-lowieckie\/wspolpraca-i-edukacja\/","title":{"rendered":"Wsp\u00f3\u0142praca i Edukacja"},"content":{"rendered":"<p>WSP\u00d3\u0141PRACA ZE SZKO\u0141AMI<\/p>\n<p><strong>Wybrane dzia\u0142ania w 2019 roku:<\/strong><\/p>\n<p>W lutym zosta\u0142y przeprowadzone 2 akcje dokarmiania zwierzyny na<br \/>\nterenie gminy K\u0119pice i Dar\u0142owo ze szko\u0142ami podstawowymi w Korzybiu i Starym Jaros\u0142awiu. Akcje te poprzedzone by\u0142y mi\u0119dzy innymi wcze\u015bniejsz\u0105 zbi\u00f3rk\u0105 \u017co\u0142\u0119dzi i kasztan\u00f3w. W trakcie tych spotka\u0144 my\u015bliwi opowiedzieli dzieciom o przyrodzie i roli jak\u0105 pe\u0142nimy w jej ochronie. Obie akcje zako\u0144czone zosta\u0142y wsp\u00f3lnym ogniskiem i pieczeniem kie\u0142basek.<\/p>\n<p><a href=\"https:\/\/photos.app.goo.gl\/BwXzYE4Wno4GCZsY7\" target=\"_blank\" rel=\"noopener noreferrer\"><span style=\"text-decoration: underline;\">Link do zdj\u0119\u0107<\/span><\/a><\/p>\n<p>Na pocz\u0105tku grudnia tak jak w kilkunastu poprzednich lata og\u0142oszony zosta\u0142 konkurs plastyczny pod nazw\u0105 &#8221; Pom\u00f3\u017cmy zwierz\u0119tom przetrwa\u0107 zim\u0119&#8221; we wszystkich szko\u0142ach w gminie K\u0119pice. W tym roku do konkursu przyst\u0105pi\u0142o 49 uczni\u00f3w. Fina\u0142 konkursu odby\u0142 si\u0119 20 grudnia w SP Korzybie. Trzyosobowa komisja pod przewodnictwem koordynatora akcji Pani Marioli Ko\u0142odziej przyzna\u0142a \u0142\u0105cznie 6 nagr\u00f3d i 14 wyr\u00f3\u017cnie\u0144.<br \/>\n<a href=\"https:\/\/photos.app.goo.gl\/BwXzYE4Wno4GCZsY7\" target=\"_blank\" rel=\"noopener noreferrer\"><span style=\"text-decoration: underline;\">Link do zdj\u0119\u0107<\/span><\/a><\/p>\n<p>Nasze K\u0141 w\u0142\u0105czy\u0142o si\u0119 do akcji &#8222;\u015awi\u0105teczna paczka&#8221; i w dniu 19.12.2019 odbyli\u015bmy spotkanie z wychowankami Plac\u00f3wki Opieku\u0144czo-Wychowawczej w S\u0142awnie. Na spotkanie z dzie\u0107mi przyjecha\u0142o 4 cz\u0142onk\u00f3w Ko\u0142a w tym przedstawiciele Zarz\u0105du pod przewodnictwem Pani Prezes Ireny Pieleckiej. Dzieci otrzyma\u0142y prezenty, a ich rado\u015b\u0107 by\u0142a bezcenna!<\/p>\n<p><strong>Wybrane dzia\u0142ania w 2016 roku:<\/strong><\/p>\n<p>Od kilku lat kol. Robert Ko\u0142odziej wsp\u00f3\u0142pracuje z Zespo\u0142em Szk\u00f3\u0142 w Korzybiu, organizuj\u0105c ciekawe zaj\u0119cia edukacyjne w klasie i w lesie, konkursy plastyczne i inne\u00a0 formy aktywno\u015bci ucz\u0105ce dzieci zachowa\u0144 w lesie i w\u0142a\u015bciwego kontaktu z natur\u0105. Inicjatywa doceniana jest przez szko\u0142\u0119, za co ko\u0142o otrzymuje mi\u0142e podzi\u0119kowania.<\/p>\n<p><span style=\"color: #2b4927;\"><a style=\"color: #2b4927;\" href=\"https:\/\/drive.google.com\/open?id=0B1id1gwJmgeCcXdfQ1Fnc0FtZUU\" target=\"_blank\" rel=\"noopener noreferrer\"><span style=\"text-decoration: underline;\">Podzi\u0119kowanie 2016<\/span><\/a><\/span><\/p>\n<p><span style=\"color: #2b4927;\"><a style=\"color: #2b4927;\" href=\"https:\/\/drive.google.com\/open?id=0B1id1gwJmgeCUDF5RU9OcWtwX1U\" target=\"_blank\" rel=\"noopener noreferrer\"><span style=\"text-decoration: underline;\">Podzi\u0119kowanie 2015<\/span><\/a><\/span><\/p>\n<p><span style=\"color: #2b4927;\"><a style=\"color: #2b4927;\" href=\"https:\/\/drive.google.com\/open?id=0B1id1gwJmgeCYUZ3QXpyRnJTSXc\" target=\"_blank\" rel=\"noopener noreferrer\"><span style=\"text-decoration: underline;\">Podzi\u0119kowanie 2014<\/span><\/a><\/span><\/p>\n<p>Kol. Zygmunt Siedlecki zorganizowa\u0142 lekcje edukacyjne dla uczni\u00f3w Szko\u0142y Podstawowej w Bobrowicach.<\/p>\n<p><span style=\"text-decoration: underline;\"><span style=\"color: #2b4927; text-decoration: underline;\"><a style=\"color: #2b4927; text-decoration: underline;\" href=\"https:\/\/drive.google.com\/open?id=0B1id1gwJmgeCM0JzenByaHlvdGs\" target=\"_blank\" rel=\"noopener noreferrer\"><span style=\"font-family: Liberation Sans,sans-serif;\"><span style=\"font-size: medium;\">Spotkanie z my\u015bliwym \/Zygmuntem Siedleckim\/ &#8211; Obserwator lokalny\u00a0\u00a0\u00a0 08 04 2015<\/span><\/span><\/a><\/span><\/span><\/p>\n<p><span style=\"text-decoration: underline;\"><span style=\"color: #2b4927; text-decoration: underline;\"><a style=\"color: #2b4927; text-decoration: underline;\" href=\"https:\/\/plus.google.com\/photos\/107940303995011246677\/albums\/6152360104761378225?authkey=CKmss4n61qnUPA\" target=\"_blank\" rel=\"noopener noreferrer\">&#8222;Bobrowice Spotkanie z my\u015bliwymi&#8221; &#8211; Le\u015bna lekcja prowadzona przez Z. Siedleckiego 26 02 2015<\/a><\/span><\/span><\/p>\n","protected":false},"excerpt":{"rendered":"<p>WSP\u00d3\u0141PRACA ZE SZKO\u0141AMI Wybrane dzia\u0142ania w 2019 roku: W lutym zosta\u0142y przeprowadzone 2 akcje dokarmiania zwierzyny na terenie gminy K\u0119pice i Dar\u0142owo ze szko\u0142ami podstawowymi w Korzybiu i Starym Jaros\u0142awiu. Akcje te poprzedzone by\u0142y mi\u0119dzy innymi wcze\u015bniejsz\u0105 zbi\u00f3rk\u0105 \u017co\u0142\u0119dzi i kasztan\u00f3w. W trakcie tych spotka\u0144 my\u015bliwi opowiedzieli dzieciom o przyrodzie i roli jak\u0105 pe\u0142nimy w [&hellip;]<\/p>\n","protected":false},"author":1,"featured_media":383,"parent":19,"menu_order":0,"comment_status":"closed","ping_status":"closed","template":"","meta":[],"yoast_head":"<!-- This site is optimized with the Yoast SEO plugin v17.1 - https:\/\/yoast.com\/wordpress\/plugins\/seo\/ -->\n<title>Wsp\u00f3\u0142praca i Edukacja - Ko\u0142o \u0141owieckie &quot;Le\u015bna Polana w S\u0142awnie&quot;<\/title>\n<meta name=\"robots\" content=\"index, follow, max-snippet:-1, max-image-preview:large, max-video-preview:-1\" \/>\n<link rel=\"canonical\" href=\"http:\/\/www.lesnapolanaslawno.pl\/index.php\/kolo-lowieckie\/wspolpraca-i-edukacja\/\" \/>\n<meta property=\"og:locale\" content=\"pl_PL\" \/>\n<meta property=\"og:type\" content=\"article\" \/>\n<meta property=\"og:title\" content=\"Wsp\u00f3\u0142praca i Edukacja - Ko\u0142o \u0141owieckie &quot;Le\u015bna Polana w S\u0142awnie&quot;\" \/>\n<meta property=\"og:description\" content=\"WSP\u00d3\u0141PRACA ZE SZKO\u0141AMI Wybrane dzia\u0142ania w 2019 roku: W lutym zosta\u0142y przeprowadzone 2 akcje dokarmiania zwierzyny na terenie gminy K\u0119pice i Dar\u0142owo ze szko\u0142ami podstawowymi w Korzybiu i Starym Jaros\u0142awiu. Akcje te poprzedzone by\u0142y mi\u0119dzy innymi wcze\u015bniejsz\u0105 zbi\u00f3rk\u0105 \u017co\u0142\u0119dzi i kasztan\u00f3w. W trakcie tych spotka\u0144 my\u015bliwi opowiedzieli dzieciom o przyrodzie i roli jak\u0105 pe\u0142nimy w [&hellip;]\" \/>\n<meta property=\"og:url\" content=\"http:\/\/www.lesnapolanaslawno.pl\/index.php\/kolo-lowieckie\/wspolpraca-i-edukacja\/\" \/>\n<meta property=\"og:site_name\" content=\"Ko\u0142o \u0141owieckie &quot;Le\u015bna Polana w S\u0142awnie&quot;\" \/>\n<meta property=\"article:modified_time\" content=\"2020-03-22T12:17:30+00:00\" \/>\n<meta property=\"og:image\" content=\"http:\/\/www.lesnapolanaslawno.pl\/wp-content\/uploads\/2017\/01\/Siedlecki-26-02-2015-wycieczka-szko\u0142a-Bobrowice-27-e1483451464707.jpg\" \/>\n\t<meta property=\"og:image:width\" content=\"4573\" \/>\n\t<meta property=\"og:image:height\" content=\"1624\" \/>\n<meta name=\"twitter:card\" content=\"summary\" \/>\n<meta name=\"twitter:label1\" content=\"Szacowany czas czytania\" \/>\n\t<meta name=\"twitter:data1\" content=\"2 minuty\" \/>\n<script type=\"application\/ld+json\" class=\"yoast-schema-graph\">{\"@context\":\"https:\/\/schema.org\",\"@graph\":[{\"@type\":\"WebSite\",\"@id\":\"http:\/\/www.lesnapolanaslawno.pl\/#website\",\"url\":\"http:\/\/www.lesnapolanaslawno.pl\/\",\"name\":\"Ko\\u0142o \\u0141owieckie &quot;Le\\u015bna Polana w S\\u0142awnie&quot;\",\"description\":\"Przybli\\u017camy tematyk\\u0119 \\u0142owieck\\u0105, informujemy cz\\u0142onk\\u00f3w ko\\u0142a o bie\\u017c\\u0105cych wydarzeniach.\",\"potentialAction\":[{\"@type\":\"SearchAction\",\"target\":{\"@type\":\"EntryPoint\",\"urlTemplate\":\"http:\/\/www.lesnapolanaslawno.pl\/?s={search_term_string}\"},\"query-input\":\"required name=search_term_string\"}],\"inLanguage\":\"pl-PL\"},{\"@type\":\"ImageObject\",\"@id\":\"http:\/\/www.lesnapolanaslawno.pl\/index.php\/kolo-lowieckie\/wspolpraca-i-edukacja\/#primaryimage\",\"inLanguage\":\"pl-PL\",\"url\":\"http:\/\/www.lesnapolanaslawno.pl\/wp-content\/uploads\/2017\/01\/Siedlecki-26-02-2015-wycieczka-szko\\u0142a-Bobrowice-27-e1483451464707.jpg\",\"contentUrl\":\"http:\/\/www.lesnapolanaslawno.pl\/wp-content\/uploads\/2017\/01\/Siedlecki-26-02-2015-wycieczka-szko\\u0142a-Bobrowice-27-e1483451464707.jpg\",\"width\":4573,\"height\":1624},{\"@type\":\"WebPage\",\"@id\":\"http:\/\/www.lesnapolanaslawno.pl\/index.php\/kolo-lowieckie\/wspolpraca-i-edukacja\/#webpage\",\"url\":\"http:\/\/www.lesnapolanaslawno.pl\/index.php\/kolo-lowieckie\/wspolpraca-i-edukacja\/\",\"name\":\"Wsp\\u00f3\\u0142praca i Edukacja - Ko\\u0142o \\u0141owieckie &quot;Le\\u015bna Polana w S\\u0142awnie&quot;\",\"isPartOf\":{\"@id\":\"http:\/\/www.lesnapolanaslawno.pl\/#website\"},\"primaryImageOfPage\":{\"@id\":\"http:\/\/www.lesnapolanaslawno.pl\/index.php\/kolo-lowieckie\/wspolpraca-i-edukacja\/#primaryimage\"},\"datePublished\":\"2017-01-03T13:52:17+00:00\",\"dateModified\":\"2020-03-22T12:17:30+00:00\",\"breadcrumb\":{\"@id\":\"http:\/\/www.lesnapolanaslawno.pl\/index.php\/kolo-lowieckie\/wspolpraca-i-edukacja\/#breadcrumb\"},\"inLanguage\":\"pl-PL\",\"potentialAction\":[{\"@type\":\"ReadAction\",\"target\":[\"http:\/\/www.lesnapolanaslawno.pl\/index.php\/kolo-lowieckie\/wspolpraca-i-edukacja\/\"]}]},{\"@type\":\"BreadcrumbList\",\"@id\":\"http:\/\/www.lesnapolanaslawno.pl\/index.php\/kolo-lowieckie\/wspolpraca-i-edukacja\/#breadcrumb\",\"itemListElement\":[{\"@type\":\"ListItem\",\"position\":1,\"name\":\"Strona g\\u0142\\u00f3wna\",\"item\":\"http:\/\/www.lesnapolanaslawno.pl\/\"},{\"@type\":\"ListItem\",\"position\":2,\"name\":\"Ko\\u0142o \\u0141owieckie\",\"item\":\"http:\/\/www.lesnapolanaslawno.pl\/index.php\/kolo-lowieckie\/\"},{\"@type\":\"ListItem\",\"position\":3,\"name\":\"Wsp\\u00f3\\u0142praca i Edukacja\"}]}]}<\/script>\n<!-- \/ Yoast SEO plugin. -->","yoast_head_json":{"title":"Wsp\u00f3\u0142praca i Edukacja - Ko\u0142o \u0141owieckie &quot;Le\u015bna Polana w S\u0142awnie&quot;","robots":{"index":"index","follow":"follow","max-snippet":"max-snippet:-1","max-image-preview":"max-image-preview:large","max-video-preview":"max-video-preview:-1"},"canonical":"http:\/\/www.lesnapolanaslawno.pl\/index.php\/kolo-lowieckie\/wspolpraca-i-edukacja\/","og_locale":"pl_PL","og_type":"article","og_title":"Wsp\u00f3\u0142praca i Edukacja - Ko\u0142o \u0141owieckie &quot;Le\u015bna Polana w S\u0142awnie&quot;","og_description":"WSP\u00d3\u0141PRACA ZE SZKO\u0141AMI Wybrane dzia\u0142ania w 2019 roku: W lutym zosta\u0142y przeprowadzone 2 akcje dokarmiania zwierzyny na terenie gminy K\u0119pice i Dar\u0142owo ze szko\u0142ami podstawowymi w Korzybiu i Starym Jaros\u0142awiu. Akcje te poprzedzone by\u0142y mi\u0119dzy innymi wcze\u015bniejsz\u0105 zbi\u00f3rk\u0105 \u017co\u0142\u0119dzi i kasztan\u00f3w. W trakcie tych spotka\u0144 my\u015bliwi opowiedzieli dzieciom o przyrodzie i roli jak\u0105 pe\u0142nimy w [&hellip;]","og_url":"http:\/\/www.lesnapolanaslawno.pl\/index.php\/kolo-lowieckie\/wspolpraca-i-edukacja\/","og_site_name":"Ko\u0142o \u0141owieckie &quot;Le\u015bna Polana w S\u0142awnie&quot;","article_modified_time":"2020-03-22T12:17:30+00:00","og_image":[{"width":4573,"height":1624,"url":"http:\/\/www.lesnapolanaslawno.pl\/wp-content\/uploads\/2017\/01\/Siedlecki-26-02-2015-wycieczka-szko\u0142a-Bobrowice-27-e1483451464707.jpg","path":"\/home\/lesnapolkj\/www\/wp-content\/uploads\/2017\/01\/Siedlecki-26-02-2015-wycieczka-szko\u0142a-Bobrowice-27-e1483451464707.jpg","size":"full","id":383,"alt":"","pixels":7426552,"type":"image\/jpeg"}],"twitter_card":"summary","twitter_misc":{"Szacowany czas czytania":"2 minuty"},"schema":{"@context":"https:\/\/schema.org","@graph":[{"@type":"WebSite","@id":"http:\/\/www.lesnapolanaslawno.pl\/#website","url":"http:\/\/www.lesnapolanaslawno.pl\/","name":"Ko\u0142o \u0141owieckie &quot;Le\u015bna Polana w S\u0142awnie&quot;","description":"Przybli\u017camy tematyk\u0119 \u0142owieck\u0105, informujemy cz\u0142onk\u00f3w ko\u0142a o bie\u017c\u0105cych wydarzeniach.","potentialAction":[{"@type":"SearchAction","target":{"@type":"EntryPoint","urlTemplate":"http:\/\/www.lesnapolanaslawno.pl\/?s={search_term_string}"},"query-input":"required name=search_term_string"}],"inLanguage":"pl-PL"},{"@type":"ImageObject","@id":"http:\/\/www.lesnapolanaslawno.pl\/index.php\/kolo-lowieckie\/wspolpraca-i-edukacja\/#primaryimage","inLanguage":"pl-PL","url":"http:\/\/www.lesnapolanaslawno.pl\/wp-content\/uploads\/2017\/01\/Siedlecki-26-02-2015-wycieczka-szko\u0142a-Bobrowice-27-e1483451464707.jpg","contentUrl":"http:\/\/www.lesnapolanaslawno.pl\/wp-content\/uploads\/2017\/01\/Siedlecki-26-02-2015-wycieczka-szko\u0142a-Bobrowice-27-e1483451464707.jpg","width":4573,"height":1624},{"@type":"WebPage","@id":"http:\/\/www.lesnapolanaslawno.pl\/index.php\/kolo-lowieckie\/wspolpraca-i-edukacja\/#webpage","url":"http:\/\/www.lesnapolanaslawno.pl\/index.php\/kolo-lowieckie\/wspolpraca-i-edukacja\/","name":"Wsp\u00f3\u0142praca i Edukacja - Ko\u0142o \u0141owieckie &quot;Le\u015bna Polana w S\u0142awnie&quot;","isPartOf":{"@id":"http:\/\/www.lesnapolanaslawno.pl\/#website"},"primaryImageOfPage":{"@id":"http:\/\/www.lesnapolanaslawno.pl\/index.php\/kolo-lowieckie\/wspolpraca-i-edukacja\/#primaryimage"},"datePublished":"2017-01-03T13:52:17+00:00","dateModified":"2020-03-22T12:17:30+00:00","breadcrumb":{"@id":"http:\/\/www.lesnapolanaslawno.pl\/index.php\/kolo-lowieckie\/wspolpraca-i-edukacja\/#breadcrumb"},"inLanguage":"pl-PL","potentialAction":[{"@type":"ReadAction","target":["http:\/\/www.lesnapolanaslawno.pl\/index.php\/kolo-lowieckie\/wspolpraca-i-edukacja\/"]}]},{"@type":"BreadcrumbList","@id":"http:\/\/www.lesnapolanaslawno.pl\/index.php\/kolo-lowieckie\/wspolpraca-i-edukacja\/#breadcrumb","itemListElement":[{"@type":"ListItem","position":1,"name":"Strona g\u0142\u00f3wna","item":"http:\/\/www.lesnapolanaslawno.pl\/"},{"@type":"ListItem","position":2,"name":"Ko\u0142o \u0141owieckie","item":"http:\/\/www.lesnapolanaslawno.pl\/index.php\/kolo-lowieckie\/"},{"@type":"ListItem","position":3,"name":"Wsp\u00f3\u0142praca i Edukacja"}]}]}},"_links":{"self":[{"href":"http:\/\/www.lesnapolanaslawno.pl\/index.php\/wp-json\/wp\/v2\/pages\/86"}],"collection":[{"href":"http:\/\/www.lesnapolanaslawno.pl\/index.php\/wp-json\/wp\/v2\/pages"}],"about":[{"href":"http:\/\/www.lesnapolanaslawno.pl\/index.php\/wp-json\/wp\/v2\/types\/page"}],"author":[{"embeddable":true,"href":"http:\/\/www.lesnapolanaslawno.pl\/index.php\/wp-json\/wp\/v2\/users\/1"}],"replies":[{"embeddable":true,"href":"http:\/\/www.lesnapolanaslawno.pl\/index.php\/wp-json\/wp\/v2\/comments?post=86"}],"version-history":[{"count":3,"href":"http:\/\/www.lesnapolanaslawno.pl\/index.php\/wp-json\/wp\/v2\/pages\/86\/revisions"}],"predecessor-version":[{"id":699,"href":"http:\/\/www.lesnapolanaslawno.pl\/index.php\/wp-json\/wp\/v2\/pages\/86\/revisions\/699"}],"up":[{"embeddable":true,"href":"http:\/\/www.lesnapolanaslawno.pl\/index.php\/wp-json\/wp\/v2\/pages\/19"}],"wp:featuredmedia":[{"embeddable":true,"href":"http:\/\/www.lesnapolanaslawno.pl\/index.php\/wp-json\/wp\/v2\/media\/383"}],"wp:attachment":[{"href":"http:\/\/www.lesnapolanaslawno.pl\/index.php\/wp-json\/wp\/v2\/media?parent=86"}],"curies":[{"name":"wp","href":"https:\/\/api.w.org\/{rel}","templated":true}]}}