{"id":84,"date":"2016-12-08T11:58:25","date_gmt":"2016-12-08T10:58:25","guid":{"rendered":"http:\/\/www.lesnapolanaslawno.pl\/?page_id=84"},"modified":"2017-01-02T15:58:28","modified_gmt":"2017-01-02T14:58:28","slug":"urzadzenia-lowieckie-prace-w-lowiskach","status":"publish","type":"page","link":"http:\/\/www.lesnapolanaslawno.pl\/index.php\/kolo-lowieckie\/urzadzenia-lowieckie-prace-w-lowiskach\/","title":{"rendered":"Urz\u0105dzenia \u0141owieckie &#8211; Prace w \u0141owiskach"},"content":{"rendered":"<p>Rysunek do ambony przeno\u015bnej budowanej przez Cz\u0142onk\u00f3w Ko\u0142a &#8211; <a href=\"https:\/\/drive.google.com\/open?id=0B1id1gwJmgeCVjRJTkRCQVlmb0U\" target=\"_blank\"><span style=\"text-decoration: underline;\">Projekt<\/span><\/a><\/p>\n<p>&nbsp;<\/p>\n<p>Artyku\u0142y &#8211; instrukcje urz\u0105dze\u0144 \u0142owieckich [ \u017ar\u00f3d\u0142o &#8222;\u0141owiec Polski&#8221; ]:<\/p>\n<p><a href=\"https:\/\/drive.google.com\/open?id=0B1id1gwJmgeCakRNeHhObGVlMjQ\" target=\"_blank\"><span style=\"text-decoration: underline;\">Ambona<\/span><\/a><\/p>\n<p><a href=\"https:\/\/drive.google.com\/open?id=0B1id1gwJmgeCRXFmaWZPVnlscEE\" target=\"_blank\"><span style=\"text-decoration: underline;\">Zasady budowy ambon<\/span><\/a><\/p>\n<p><a href=\"https:\/\/drive.google.com\/open?id=0B1id1gwJmgeCQ1E2UGhNZ29QRE0\" target=\"_blank\"><span style=\"text-decoration: underline;\">Zwy\u017cka drewniana<\/span><\/a><\/p>\n<p><a href=\"https:\/\/drive.google.com\/open?id=0B1id1gwJmgeCX2tNNHZITTZGcHc\" target=\"_blank\"><span style=\"text-decoration: underline;\">Zwy\u017cka aluminiowa<\/span><\/a><\/p>\n","protected":false},"excerpt":{"rendered":"<p>Rysunek do ambony przeno\u015bnej budowanej przez Cz\u0142onk\u00f3w Ko\u0142a &#8211; Projekt &nbsp; Artyku\u0142y &#8211; instrukcje urz\u0105dze\u0144 \u0142owieckich [ \u017ar\u00f3d\u0142o &#8222;\u0141owiec Polski&#8221; ]: Ambona Zasady budowy ambon Zwy\u017cka drewniana Zwy\u017cka aluminiowa<\/p>\n","protected":false},"author":1,"featured_media":197,"parent":19,"menu_order":0,"comment_status":"closed","ping_status":"closed","template":"","meta":[],"yoast_head":"<!-- This site is optimized with the Yoast SEO plugin v17.1 - https:\/\/yoast.com\/wordpress\/plugins\/seo\/ -->\n<title>Urz\u0105dzenia \u0141owieckie - Prace w \u0141owiskach - Ko\u0142o \u0141owieckie &quot;Le\u015bna Polana w S\u0142awnie&quot;<\/title>\n<meta name=\"robots\" content=\"index, follow, max-snippet:-1, max-image-preview:large, max-video-preview:-1\" \/>\n<link rel=\"canonical\" href=\"https:\/\/www.lesnapolanaslawno.pl\/index.php\/kolo-lowieckie\/urzadzenia-lowieckie-prace-w-lowiskach\/\" \/>\n<meta property=\"og:locale\" content=\"pl_PL\" \/>\n<meta property=\"og:type\" content=\"article\" \/>\n<meta property=\"og:title\" content=\"Urz\u0105dzenia \u0141owieckie - Prace w \u0141owiskach - Ko\u0142o \u0141owieckie &quot;Le\u015bna Polana w S\u0142awnie&quot;\" \/>\n<meta property=\"og:description\" content=\"Rysunek do ambony przeno\u015bnej budowanej przez Cz\u0142onk\u00f3w Ko\u0142a &#8211; Projekt &nbsp; Artyku\u0142y &#8211; instrukcje urz\u0105dze\u0144 \u0142owieckich [ \u017ar\u00f3d\u0142o &#8222;\u0141owiec Polski&#8221; ]: Ambona Zasady budowy ambon Zwy\u017cka drewniana Zwy\u017cka aluminiowa\" \/>\n<meta property=\"og:url\" content=\"https:\/\/www.lesnapolanaslawno.pl\/index.php\/kolo-lowieckie\/urzadzenia-lowieckie-prace-w-lowiskach\/\" \/>\n<meta property=\"og:site_name\" content=\"Ko\u0142o \u0141owieckie &quot;Le\u015bna Polana w S\u0142awnie&quot;\" \/>\n<meta property=\"article:modified_time\" content=\"2017-01-02T14:58:28+00:00\" \/>\n<meta property=\"og:image\" content=\"http:\/\/www.lesnapolanaslawno.pl\/wp-content\/uploads\/2016\/12\/Roberta_K_urz\u0105dzenia\u0141-1.jpg\" \/>\n\t<meta property=\"og:image:width\" content=\"2272\" \/>\n\t<meta property=\"og:image:height\" content=\"1704\" \/>\n<meta name=\"twitter:card\" content=\"summary\" \/>\n<script type=\"application\/ld+json\" class=\"yoast-schema-graph\">{\"@context\":\"https:\/\/schema.org\",\"@graph\":[{\"@type\":\"WebSite\",\"@id\":\"https:\/\/www.lesnapolanaslawno.pl\/#website\",\"url\":\"https:\/\/www.lesnapolanaslawno.pl\/\",\"name\":\"Ko\\u0142o \\u0141owieckie &quot;Le\\u015bna Polana w S\\u0142awnie&quot;\",\"description\":\"Przybli\\u017camy tematyk\\u0119 \\u0142owieck\\u0105, informujemy cz\\u0142onk\\u00f3w ko\\u0142a o bie\\u017c\\u0105cych wydarzeniach.\",\"potentialAction\":[{\"@type\":\"SearchAction\",\"target\":{\"@type\":\"EntryPoint\",\"urlTemplate\":\"https:\/\/www.lesnapolanaslawno.pl\/?s={search_term_string}\"},\"query-input\":\"required name=search_term_string\"}],\"inLanguage\":\"pl-PL\"},{\"@type\":\"ImageObject\",\"@id\":\"https:\/\/www.lesnapolanaslawno.pl\/index.php\/kolo-lowieckie\/urzadzenia-lowieckie-prace-w-lowiskach\/#primaryimage\",\"inLanguage\":\"pl-PL\",\"url\":\"http:\/\/www.lesnapolanaslawno.pl\/wp-content\/uploads\/2016\/12\/Roberta_K_urz\\u0105dzenia\\u0141-1.jpg\",\"contentUrl\":\"http:\/\/www.lesnapolanaslawno.pl\/wp-content\/uploads\/2016\/12\/Roberta_K_urz\\u0105dzenia\\u0141-1.jpg\",\"width\":2272,\"height\":1704,\"caption\":\"KONICA MINOLTA DIGITAL CAMERA\"},{\"@type\":\"WebPage\",\"@id\":\"https:\/\/www.lesnapolanaslawno.pl\/index.php\/kolo-lowieckie\/urzadzenia-lowieckie-prace-w-lowiskach\/#webpage\",\"url\":\"https:\/\/www.lesnapolanaslawno.pl\/index.php\/kolo-lowieckie\/urzadzenia-lowieckie-prace-w-lowiskach\/\",\"name\":\"Urz\\u0105dzenia \\u0141owieckie - Prace w \\u0141owiskach - Ko\\u0142o \\u0141owieckie &quot;Le\\u015bna Polana w S\\u0142awnie&quot;\",\"isPartOf\":{\"@id\":\"https:\/\/www.lesnapolanaslawno.pl\/#website\"},\"primaryImageOfPage\":{\"@id\":\"https:\/\/www.lesnapolanaslawno.pl\/index.php\/kolo-lowieckie\/urzadzenia-lowieckie-prace-w-lowiskach\/#primaryimage\"},\"datePublished\":\"2016-12-08T10:58:25+00:00\",\"dateModified\":\"2017-01-02T14:58:28+00:00\",\"breadcrumb\":{\"@id\":\"https:\/\/www.lesnapolanaslawno.pl\/index.php\/kolo-lowieckie\/urzadzenia-lowieckie-prace-w-lowiskach\/#breadcrumb\"},\"inLanguage\":\"pl-PL\",\"potentialAction\":[{\"@type\":\"ReadAction\",\"target\":[\"https:\/\/www.lesnapolanaslawno.pl\/index.php\/kolo-lowieckie\/urzadzenia-lowieckie-prace-w-lowiskach\/\"]}]},{\"@type\":\"BreadcrumbList\",\"@id\":\"https:\/\/www.lesnapolanaslawno.pl\/index.php\/kolo-lowieckie\/urzadzenia-lowieckie-prace-w-lowiskach\/#breadcrumb\",\"itemListElement\":[{\"@type\":\"ListItem\",\"position\":1,\"name\":\"Strona g\\u0142\\u00f3wna\",\"item\":\"https:\/\/www.lesnapolanaslawno.pl\/\"},{\"@type\":\"ListItem\",\"position\":2,\"name\":\"Ko\\u0142o \\u0141owieckie\",\"item\":\"https:\/\/www.lesnapolanaslawno.pl\/index.php\/kolo-lowieckie\/\"},{\"@type\":\"ListItem\",\"position\":3,\"name\":\"Urz\\u0105dzenia \\u0141owieckie &#8211; Prace w \\u0141owiskach\"}]}]}<\/script>\n<!-- \/ Yoast SEO plugin. -->","yoast_head_json":{"title":"Urz\u0105dzenia \u0141owieckie - Prace w \u0141owiskach - Ko\u0142o \u0141owieckie &quot;Le\u015bna Polana w S\u0142awnie&quot;","robots":{"index":"index","follow":"follow","max-snippet":"max-snippet:-1","max-image-preview":"max-image-preview:large","max-video-preview":"max-video-preview:-1"},"canonical":"https:\/\/www.lesnapolanaslawno.pl\/index.php\/kolo-lowieckie\/urzadzenia-lowieckie-prace-w-lowiskach\/","og_locale":"pl_PL","og_type":"article","og_title":"Urz\u0105dzenia \u0141owieckie - Prace w \u0141owiskach - Ko\u0142o \u0141owieckie &quot;Le\u015bna Polana w S\u0142awnie&quot;","og_description":"Rysunek do ambony przeno\u015bnej budowanej przez Cz\u0142onk\u00f3w Ko\u0142a &#8211; Projekt &nbsp; Artyku\u0142y &#8211; instrukcje urz\u0105dze\u0144 \u0142owieckich [ \u017ar\u00f3d\u0142o &#8222;\u0141owiec Polski&#8221; ]: Ambona Zasady budowy ambon Zwy\u017cka drewniana Zwy\u017cka aluminiowa","og_url":"https:\/\/www.lesnapolanaslawno.pl\/index.php\/kolo-lowieckie\/urzadzenia-lowieckie-prace-w-lowiskach\/","og_site_name":"Ko\u0142o \u0141owieckie &quot;Le\u015bna Polana w S\u0142awnie&quot;","article_modified_time":"2017-01-02T14:58:28+00:00","og_image":[{"width":2272,"height":1704,"url":"http:\/\/www.lesnapolanaslawno.pl\/wp-content\/uploads\/2016\/12\/Roberta_K_urz\u0105dzenia\u0141-1.jpg","path":"\/home\/lesnapolkj\/www\/wp-content\/uploads\/2016\/12\/Roberta_K_urz\u0105dzenia\u0141-1.jpg","size":"full","id":197,"alt":"","pixels":3871488,"type":"image\/jpeg"}],"twitter_card":"summary","schema":{"@context":"https:\/\/schema.org","@graph":[{"@type":"WebSite","@id":"https:\/\/www.lesnapolanaslawno.pl\/#website","url":"https:\/\/www.lesnapolanaslawno.pl\/","name":"Ko\u0142o \u0141owieckie &quot;Le\u015bna Polana w S\u0142awnie&quot;","description":"Przybli\u017camy tematyk\u0119 \u0142owieck\u0105, informujemy cz\u0142onk\u00f3w ko\u0142a o bie\u017c\u0105cych wydarzeniach.","potentialAction":[{"@type":"SearchAction","target":{"@type":"EntryPoint","urlTemplate":"https:\/\/www.lesnapolanaslawno.pl\/?s={search_term_string}"},"query-input":"required name=search_term_string"}],"inLanguage":"pl-PL"},{"@type":"ImageObject","@id":"https:\/\/www.lesnapolanaslawno.pl\/index.php\/kolo-lowieckie\/urzadzenia-lowieckie-prace-w-lowiskach\/#primaryimage","inLanguage":"pl-PL","url":"http:\/\/www.lesnapolanaslawno.pl\/wp-content\/uploads\/2016\/12\/Roberta_K_urz\u0105dzenia\u0141-1.jpg","contentUrl":"http:\/\/www.lesnapolanaslawno.pl\/wp-content\/uploads\/2016\/12\/Roberta_K_urz\u0105dzenia\u0141-1.jpg","width":2272,"height":1704,"caption":"KONICA MINOLTA DIGITAL CAMERA"},{"@type":"WebPage","@id":"https:\/\/www.lesnapolanaslawno.pl\/index.php\/kolo-lowieckie\/urzadzenia-lowieckie-prace-w-lowiskach\/#webpage","url":"https:\/\/www.lesnapolanaslawno.pl\/index.php\/kolo-lowieckie\/urzadzenia-lowieckie-prace-w-lowiskach\/","name":"Urz\u0105dzenia \u0141owieckie - Prace w \u0141owiskach - Ko\u0142o \u0141owieckie &quot;Le\u015bna Polana w S\u0142awnie&quot;","isPartOf":{"@id":"https:\/\/www.lesnapolanaslawno.pl\/#website"},"primaryImageOfPage":{"@id":"https:\/\/www.lesnapolanaslawno.pl\/index.php\/kolo-lowieckie\/urzadzenia-lowieckie-prace-w-lowiskach\/#primaryimage"},"datePublished":"2016-12-08T10:58:25+00:00","dateModified":"2017-01-02T14:58:28+00:00","breadcrumb":{"@id":"https:\/\/www.lesnapolanaslawno.pl\/index.php\/kolo-lowieckie\/urzadzenia-lowieckie-prace-w-lowiskach\/#breadcrumb"},"inLanguage":"pl-PL","potentialAction":[{"@type":"ReadAction","target":["https:\/\/www.lesnapolanaslawno.pl\/index.php\/kolo-lowieckie\/urzadzenia-lowieckie-prace-w-lowiskach\/"]}]},{"@type":"BreadcrumbList","@id":"https:\/\/www.lesnapolanaslawno.pl\/index.php\/kolo-lowieckie\/urzadzenia-lowieckie-prace-w-lowiskach\/#breadcrumb","itemListElement":[{"@type":"ListItem","position":1,"name":"Strona g\u0142\u00f3wna","item":"https:\/\/www.lesnapolanaslawno.pl\/"},{"@type":"ListItem","position":2,"name":"Ko\u0142o \u0141owieckie","item":"https:\/\/www.lesnapolanaslawno.pl\/index.php\/kolo-lowieckie\/"},{"@type":"ListItem","position":3,"name":"Urz\u0105dzenia \u0141owieckie &#8211; Prace w \u0141owiskach"}]}]}},"_links":{"self":[{"href":"http:\/\/www.lesnapolanaslawno.pl\/index.php\/wp-json\/wp\/v2\/pages\/84"}],"collection":[{"href":"http:\/\/www.lesnapolanaslawno.pl\/index.php\/wp-json\/wp\/v2\/pages"}],"about":[{"href":"http:\/\/www.lesnapolanaslawno.pl\/index.php\/wp-json\/wp\/v2\/types\/page"}],"author":[{"embeddable":true,"href":"http:\/\/www.lesnapolanaslawno.pl\/index.php\/wp-json\/wp\/v2\/users\/1"}],"replies":[{"embeddable":true,"href":"http:\/\/www.lesnapolanaslawno.pl\/index.php\/wp-json\/wp\/v2\/comments?post=84"}],"version-history":[{"count":4,"href":"http:\/\/www.lesnapolanaslawno.pl\/index.php\/wp-json\/wp\/v2\/pages\/84\/revisions"}],"predecessor-version":[{"id":359,"href":"http:\/\/www.lesnapolanaslawno.pl\/index.php\/wp-json\/wp\/v2\/pages\/84\/revisions\/359"}],"up":[{"embeddable":true,"href":"http:\/\/www.lesnapolanaslawno.pl\/index.php\/wp-json\/wp\/v2\/pages\/19"}],"wp:featuredmedia":[{"embeddable":true,"href":"http:\/\/www.lesnapolanaslawno.pl\/index.php\/wp-json\/wp\/v2\/media\/197"}],"wp:attachment":[{"href":"http:\/\/www.lesnapolanaslawno.pl\/index.php\/wp-json\/wp\/v2\/media?parent=84"}],"curies":[{"name":"wp","href":"https:\/\/api.w.org\/{rel}","templated":true}]}}