{"id":760,"date":"2023-05-01T13:31:15","date_gmt":"2023-05-01T11:31:15","guid":{"rendered":"http:\/\/www.lesnapolanaslawno.pl\/?page_id=760"},"modified":"2024-01-08T08:38:19","modified_gmt":"2024-01-08T07:38:19","slug":"rok-2023","status":"publish","type":"page","link":"http:\/\/www.lesnapolanaslawno.pl\/index.php\/rok-2023\/","title":{"rendered":"Rok 2023"},"content":{"rendered":"\n<p><strong><span style=\"text-decoration: underline;\"><a href=\"https:\/\/photos.app.goo.gl\/zrMaDih9cxg8y5kTA\" target=\"_blank\" rel=\"noreferrer noopener\">Polowanie zbiorowe 14 i 15 01 2023<\/a><\/span><\/strong><\/p>\n\n\n\n<p><strong><span style=\"text-decoration: underline;\"><a href=\"https:\/\/photos.app.goo.gl\/Rw76vkxCZrgnGZQa9\" target=\"_blank\" rel=\"noreferrer noopener\">Walne Zgromadzenie Ko\u0142a 14 05 2023<\/a><\/span><\/strong><\/p>\n\n\n\n<p><strong><span style=\"text-decoration: underline;\"><a href=\"https:\/\/photos.app.goo.gl\/CL49drmGj31SYe2Z7\" rel=\"nofollow\">Trening strzelecki na strzelnicy PZ\u0141 w Miastku 26 08 2023<\/a><\/span><\/strong><\/p>\n\n\n\n<p><strong><span style=\"text-decoration: underline;\"><a href=\"https:\/\/photos.app.goo.gl\/2kTnrr2EP6Zo9ZRJ8\">2023 08 27 100-lat PZ\u0141 Obchody Sian\u00f3w<\/a><\/span><\/strong><\/p>\n\n\n\n<p><strong><span style=\"text-decoration: underline;\"><a href=\"https:\/\/photos.app.goo.gl\/Di1BDi9weyVSpCxNA\">2023 10 22 Polowanie zbiorowe<\/a><\/span><\/strong><\/p>\n\n\n\n<p><strong><span style=\"text-decoration: underline;\"><a href=\"https:\/\/photos.app.goo.gl\/xfhztBWw4DEA9tPXA\" target=\"_blank\" rel=\"noreferrer noopener\">Polowanie hubertowskie 04 11 2023<\/a><\/span><\/strong><\/p>\n\n\n\n<p><strong><span style=\"text-decoration: underline;\"><a href=\"https:\/\/photos.app.goo.gl\/EpJpk22AA7WhofUSA\">Polowanie wigilijne 2023 12 16<\/a><\/p>\n\n\n\n<p><strong><span style=\"text-decoration: underline;\"><a href=\"https:\/\/photos.app.goo.gl\/VJdvcWWTy4Cz6feE9\">2023 12 30 Polowanie zbiorowe &#8222;sylwestrowe&#8221;<\/a><\/strong><\/p>\n","protected":false},"excerpt":{"rendered":"<p>Polowanie zbiorowe 14 i 15 01 2023 Walne Zgromadzenie Ko\u0142a 14 05 2023 Trening strzelecki na strzelnicy PZ\u0141 w Miastku 26 08 2023 2023 08 27 100-lat PZ\u0141 Obchody Sian\u00f3w 2023 10 22 Polowanie zbiorowe Polowanie hubertowskie 04 11 2023 Polowanie wigilijne 2023 12 16 2023 12 30 Polowanie zbiorowe &#8222;sylwestrowe&#8221;<\/p>\n","protected":false},"author":1,"featured_media":707,"parent":0,"menu_order":0,"comment_status":"closed","ping_status":"closed","template":"","meta":[],"yoast_head":"<!-- This site is optimized with the Yoast SEO plugin v17.1 - https:\/\/yoast.com\/wordpress\/plugins\/seo\/ -->\n<title>Rok 2023 - Ko\u0142o \u0141owieckie &quot;Le\u015bna Polana w S\u0142awnie&quot;<\/title>\n<meta name=\"robots\" content=\"index, follow, max-snippet:-1, max-image-preview:large, max-video-preview:-1\" \/>\n<link rel=\"canonical\" href=\"http:\/\/www.lesnapolanaslawno.pl\/index.php\/rok-2023\/\" \/>\n<meta property=\"og:locale\" content=\"pl_PL\" \/>\n<meta property=\"og:type\" content=\"article\" \/>\n<meta property=\"og:title\" content=\"Rok 2023 - Ko\u0142o \u0141owieckie &quot;Le\u015bna Polana w S\u0142awnie&quot;\" \/>\n<meta property=\"og:description\" content=\"Polowanie zbiorowe 14 i 15 01 2023 Walne Zgromadzenie Ko\u0142a 14 05 2023 Trening strzelecki na strzelnicy PZ\u0141 w Miastku 26 08 2023 2023 08 27 100-lat PZ\u0141 Obchody Sian\u00f3w 2023 10 22 Polowanie zbiorowe Polowanie hubertowskie 04 11 2023 Polowanie wigilijne 2023 12 16 2023 12 30 Polowanie zbiorowe &#8222;sylwestrowe&#8221;\" \/>\n<meta property=\"og:url\" content=\"http:\/\/www.lesnapolanaslawno.pl\/index.php\/rok-2023\/\" \/>\n<meta property=\"og:site_name\" content=\"Ko\u0142o \u0141owieckie &quot;Le\u015bna Polana w S\u0142awnie&quot;\" \/>\n<meta property=\"article:modified_time\" content=\"2024-01-08T07:38:19+00:00\" \/>\n<meta property=\"og:image\" content=\"http:\/\/www.lesnapolanaslawno.pl\/wp-content\/uploads\/2021\/02\/33730_lis_rudy_mysz.jpg\" \/>\n\t<meta property=\"og:image:width\" content=\"1600\" \/>\n\t<meta property=\"og:image:height\" content=\"1200\" \/>\n<meta name=\"twitter:card\" content=\"summary\" \/>\n<meta name=\"twitter:label1\" content=\"Szacowany czas czytania\" \/>\n\t<meta name=\"twitter:data1\" content=\"1 minuta\" \/>\n<script type=\"application\/ld+json\" class=\"yoast-schema-graph\">{\"@context\":\"https:\/\/schema.org\",\"@graph\":[{\"@type\":\"WebSite\",\"@id\":\"https:\/\/www.lesnapolanaslawno.pl\/#website\",\"url\":\"https:\/\/www.lesnapolanaslawno.pl\/\",\"name\":\"Ko\\u0142o \\u0141owieckie &quot;Le\\u015bna Polana w S\\u0142awnie&quot;\",\"description\":\"Przybli\\u017camy tematyk\\u0119 \\u0142owieck\\u0105, informujemy cz\\u0142onk\\u00f3w ko\\u0142a o bie\\u017c\\u0105cych wydarzeniach.\",\"potentialAction\":[{\"@type\":\"SearchAction\",\"target\":{\"@type\":\"EntryPoint\",\"urlTemplate\":\"https:\/\/www.lesnapolanaslawno.pl\/?s={search_term_string}\"},\"query-input\":\"required name=search_term_string\"}],\"inLanguage\":\"pl-PL\"},{\"@type\":\"ImageObject\",\"@id\":\"http:\/\/www.lesnapolanaslawno.pl\/index.php\/rok-2023\/#primaryimage\",\"inLanguage\":\"pl-PL\",\"url\":\"http:\/\/www.lesnapolanaslawno.pl\/wp-content\/uploads\/2021\/02\/33730_lis_rudy_mysz.jpg\",\"contentUrl\":\"http:\/\/www.lesnapolanaslawno.pl\/wp-content\/uploads\/2021\/02\/33730_lis_rudy_mysz.jpg\",\"width\":1600,\"height\":1200},{\"@type\":\"WebPage\",\"@id\":\"http:\/\/www.lesnapolanaslawno.pl\/index.php\/rok-2023\/#webpage\",\"url\":\"http:\/\/www.lesnapolanaslawno.pl\/index.php\/rok-2023\/\",\"name\":\"Rok 2023 - Ko\\u0142o \\u0141owieckie &quot;Le\\u015bna Polana w S\\u0142awnie&quot;\",\"isPartOf\":{\"@id\":\"https:\/\/www.lesnapolanaslawno.pl\/#website\"},\"primaryImageOfPage\":{\"@id\":\"http:\/\/www.lesnapolanaslawno.pl\/index.php\/rok-2023\/#primaryimage\"},\"datePublished\":\"2023-05-01T11:31:15+00:00\",\"dateModified\":\"2024-01-08T07:38:19+00:00\",\"breadcrumb\":{\"@id\":\"http:\/\/www.lesnapolanaslawno.pl\/index.php\/rok-2023\/#breadcrumb\"},\"inLanguage\":\"pl-PL\",\"potentialAction\":[{\"@type\":\"ReadAction\",\"target\":[\"http:\/\/www.lesnapolanaslawno.pl\/index.php\/rok-2023\/\"]}]},{\"@type\":\"BreadcrumbList\",\"@id\":\"http:\/\/www.lesnapolanaslawno.pl\/index.php\/rok-2023\/#breadcrumb\",\"itemListElement\":[{\"@type\":\"ListItem\",\"position\":1,\"name\":\"Strona g\\u0142\\u00f3wna\",\"item\":\"https:\/\/www.lesnapolanaslawno.pl\/\"},{\"@type\":\"ListItem\",\"position\":2,\"name\":\"Rok 2023\"}]}]}<\/script>\n<!-- \/ Yoast SEO plugin. -->","yoast_head_json":{"title":"Rok 2023 - Ko\u0142o \u0141owieckie &quot;Le\u015bna Polana w S\u0142awnie&quot;","robots":{"index":"index","follow":"follow","max-snippet":"max-snippet:-1","max-image-preview":"max-image-preview:large","max-video-preview":"max-video-preview:-1"},"canonical":"http:\/\/www.lesnapolanaslawno.pl\/index.php\/rok-2023\/","og_locale":"pl_PL","og_type":"article","og_title":"Rok 2023 - Ko\u0142o \u0141owieckie &quot;Le\u015bna Polana w S\u0142awnie&quot;","og_description":"Polowanie zbiorowe 14 i 15 01 2023 Walne Zgromadzenie Ko\u0142a 14 05 2023 Trening strzelecki na strzelnicy PZ\u0141 w Miastku 26 08 2023 2023 08 27 100-lat PZ\u0141 Obchody Sian\u00f3w 2023 10 22 Polowanie zbiorowe Polowanie hubertowskie 04 11 2023 Polowanie wigilijne 2023 12 16 2023 12 30 Polowanie zbiorowe &#8222;sylwestrowe&#8221;","og_url":"http:\/\/www.lesnapolanaslawno.pl\/index.php\/rok-2023\/","og_site_name":"Ko\u0142o \u0141owieckie &quot;Le\u015bna Polana w S\u0142awnie&quot;","article_modified_time":"2024-01-08T07:38:19+00:00","og_image":[{"width":1600,"height":1200,"url":"http:\/\/www.lesnapolanaslawno.pl\/wp-content\/uploads\/2021\/02\/33730_lis_rudy_mysz.jpg","path":"\/home\/lesnapolkj\/www\/wp-content\/uploads\/2021\/02\/33730_lis_rudy_mysz.jpg","size":"full","id":707,"alt":"","pixels":1920000,"type":"image\/jpeg"}],"twitter_card":"summary","twitter_misc":{"Szacowany czas czytania":"1 minuta"},"schema":{"@context":"https:\/\/schema.org","@graph":[{"@type":"WebSite","@id":"https:\/\/www.lesnapolanaslawno.pl\/#website","url":"https:\/\/www.lesnapolanaslawno.pl\/","name":"Ko\u0142o \u0141owieckie &quot;Le\u015bna Polana w S\u0142awnie&quot;","description":"Przybli\u017camy tematyk\u0119 \u0142owieck\u0105, informujemy cz\u0142onk\u00f3w ko\u0142a o bie\u017c\u0105cych wydarzeniach.","potentialAction":[{"@type":"SearchAction","target":{"@type":"EntryPoint","urlTemplate":"https:\/\/www.lesnapolanaslawno.pl\/?s={search_term_string}"},"query-input":"required name=search_term_string"}],"inLanguage":"pl-PL"},{"@type":"ImageObject","@id":"http:\/\/www.lesnapolanaslawno.pl\/index.php\/rok-2023\/#primaryimage","inLanguage":"pl-PL","url":"http:\/\/www.lesnapolanaslawno.pl\/wp-content\/uploads\/2021\/02\/33730_lis_rudy_mysz.jpg","contentUrl":"http:\/\/www.lesnapolanaslawno.pl\/wp-content\/uploads\/2021\/02\/33730_lis_rudy_mysz.jpg","width":1600,"height":1200},{"@type":"WebPage","@id":"http:\/\/www.lesnapolanaslawno.pl\/index.php\/rok-2023\/#webpage","url":"http:\/\/www.lesnapolanaslawno.pl\/index.php\/rok-2023\/","name":"Rok 2023 - Ko\u0142o \u0141owieckie &quot;Le\u015bna Polana w S\u0142awnie&quot;","isPartOf":{"@id":"https:\/\/www.lesnapolanaslawno.pl\/#website"},"primaryImageOfPage":{"@id":"http:\/\/www.lesnapolanaslawno.pl\/index.php\/rok-2023\/#primaryimage"},"datePublished":"2023-05-01T11:31:15+00:00","dateModified":"2024-01-08T07:38:19+00:00","breadcrumb":{"@id":"http:\/\/www.lesnapolanaslawno.pl\/index.php\/rok-2023\/#breadcrumb"},"inLanguage":"pl-PL","potentialAction":[{"@type":"ReadAction","target":["http:\/\/www.lesnapolanaslawno.pl\/index.php\/rok-2023\/"]}]},{"@type":"BreadcrumbList","@id":"http:\/\/www.lesnapolanaslawno.pl\/index.php\/rok-2023\/#breadcrumb","itemListElement":[{"@type":"ListItem","position":1,"name":"Strona g\u0142\u00f3wna","item":"https:\/\/www.lesnapolanaslawno.pl\/"},{"@type":"ListItem","position":2,"name":"Rok 2023"}]}]}},"_links":{"self":[{"href":"http:\/\/www.lesnapolanaslawno.pl\/index.php\/wp-json\/wp\/v2\/pages\/760"}],"collection":[{"href":"http:\/\/www.lesnapolanaslawno.pl\/index.php\/wp-json\/wp\/v2\/pages"}],"about":[{"href":"http:\/\/www.lesnapolanaslawno.pl\/index.php\/wp-json\/wp\/v2\/types\/page"}],"author":[{"embeddable":true,"href":"http:\/\/www.lesnapolanaslawno.pl\/index.php\/wp-json\/wp\/v2\/users\/1"}],"replies":[{"embeddable":true,"href":"http:\/\/www.lesnapolanaslawno.pl\/index.php\/wp-json\/wp\/v2\/comments?post=760"}],"version-history":[{"count":8,"href":"http:\/\/www.lesnapolanaslawno.pl\/index.php\/wp-json\/wp\/v2\/pages\/760\/revisions"}],"predecessor-version":[{"id":832,"href":"http:\/\/www.lesnapolanaslawno.pl\/index.php\/wp-json\/wp\/v2\/pages\/760\/revisions\/832"}],"wp:featuredmedia":[{"embeddable":true,"href":"http:\/\/www.lesnapolanaslawno.pl\/index.php\/wp-json\/wp\/v2\/media\/707"}],"wp:attachment":[{"href":"http:\/\/www.lesnapolanaslawno.pl\/index.php\/wp-json\/wp\/v2\/media?parent=760"}],"curies":[{"name":"wp","href":"https:\/\/api.w.org\/{rel}","templated":true}]}}