{"id":646,"date":"2019-07-02T10:21:52","date_gmt":"2019-07-02T08:21:52","guid":{"rendered":"http:\/\/www.lesnapolanaslawno.pl\/?page_id=646"},"modified":"2019-12-30T15:33:19","modified_gmt":"2019-12-30T14:33:19","slug":"rok-2019","status":"publish","type":"page","link":"http:\/\/www.lesnapolanaslawno.pl\/index.php\/rok-2019\/","title":{"rendered":"Rok 2019"},"content":{"rendered":"<p><a href=\"https:\/\/photos.app.goo.gl\/z4KFtebb2dYZAH878\"><span style=\"text-decoration: underline;\">Polowanie Wigilijne 21 grudnia 2019 r.<\/span><\/a><\/p>\n<p><a href=\"https:\/\/photos.app.goo.gl\/HfSHcFeEiK1HNw3o6\"><span style=\"text-decoration: underline;\">Polowanie Hubertowskie 3 listopada 2019 r.<\/span><\/a><\/p>\n<p><a href=\"https:\/\/photos.app.goo.gl\/gumefoHKniom5DfN9\">65-lecie Ko\u0142a Tychowo 14 wrze\u015bnia 2019 r.<\/a><\/p>\n<p><a href=\"https:\/\/photos.app.goo.gl\/31vTDWUhTrQQE9g79\" target=\"_blank\" rel=\"noopener noreferrer\"><span style=\"text-decoration: underline;\">Polowania zbiorowe w dniach 11-13 stycznia 2019 r.<\/span><\/a><\/p>\n<p><a href=\"https:\/\/photos.app.goo.gl\/Xcb57sBP7JJZQ8eb7\"><span style=\"text-decoration: underline;\">Walne Zgromadzenie Cz\u0142onk\u00f3w Ko\u0142a 09 06 2019<\/span><\/a><\/p>\n","protected":false},"excerpt":{"rendered":"<p>Polowanie Wigilijne 21 grudnia 2019 r. Polowanie Hubertowskie 3 listopada 2019 r. 65-lecie Ko\u0142a Tychowo 14 wrze\u015bnia 2019 r. Polowania zbiorowe w dniach 11-13 stycznia 2019 r. Walne Zgromadzenie Cz\u0142onk\u00f3w Ko\u0142a 09 06 2019<\/p>\n","protected":false},"author":1,"featured_media":649,"parent":0,"menu_order":0,"comment_status":"closed","ping_status":"closed","template":"","meta":[],"yoast_head":"<!-- This site is optimized with the Yoast SEO plugin v17.1 - https:\/\/yoast.com\/wordpress\/plugins\/seo\/ -->\n<title>Rok 2019 - Ko\u0142o \u0141owieckie &quot;Le\u015bna Polana w S\u0142awnie&quot;<\/title>\n<meta name=\"robots\" content=\"index, follow, max-snippet:-1, max-image-preview:large, max-video-preview:-1\" \/>\n<link rel=\"canonical\" href=\"http:\/\/www.lesnapolanaslawno.pl\/index.php\/rok-2019\/\" \/>\n<meta property=\"og:locale\" content=\"pl_PL\" \/>\n<meta property=\"og:type\" content=\"article\" \/>\n<meta property=\"og:title\" content=\"Rok 2019 - Ko\u0142o \u0141owieckie &quot;Le\u015bna Polana w S\u0142awnie&quot;\" \/>\n<meta property=\"og:description\" content=\"Polowanie Wigilijne 21 grudnia 2019 r. Polowanie Hubertowskie 3 listopada 2019 r. 65-lecie Ko\u0142a Tychowo 14 wrze\u015bnia 2019 r. Polowania zbiorowe w dniach 11-13 stycznia 2019 r. Walne Zgromadzenie Cz\u0142onk\u00f3w Ko\u0142a 09 06 2019\" \/>\n<meta property=\"og:url\" content=\"http:\/\/www.lesnapolanaslawno.pl\/index.php\/rok-2019\/\" \/>\n<meta property=\"og:site_name\" content=\"Ko\u0142o \u0141owieckie &quot;Le\u015bna Polana w S\u0142awnie&quot;\" \/>\n<meta property=\"article:modified_time\" content=\"2019-12-30T14:33:19+00:00\" \/>\n<meta property=\"og:image\" content=\"http:\/\/www.lesnapolanaslawno.pl\/wp-content\/uploads\/2019\/07\/cropped-para-saren-ruja.jpg\" \/>\n\t<meta property=\"og:image:width\" content=\"960\" \/>\n\t<meta property=\"og:image:height\" content=\"540\" \/>\n<meta name=\"twitter:card\" content=\"summary\" \/>\n<script type=\"application\/ld+json\" class=\"yoast-schema-graph\">{\"@context\":\"https:\/\/schema.org\",\"@graph\":[{\"@type\":\"WebSite\",\"@id\":\"http:\/\/www.lesnapolanaslawno.pl\/#website\",\"url\":\"http:\/\/www.lesnapolanaslawno.pl\/\",\"name\":\"Ko\\u0142o \\u0141owieckie &quot;Le\\u015bna Polana w S\\u0142awnie&quot;\",\"description\":\"Przybli\\u017camy tematyk\\u0119 \\u0142owieck\\u0105, informujemy cz\\u0142onk\\u00f3w ko\\u0142a o bie\\u017c\\u0105cych wydarzeniach.\",\"potentialAction\":[{\"@type\":\"SearchAction\",\"target\":{\"@type\":\"EntryPoint\",\"urlTemplate\":\"http:\/\/www.lesnapolanaslawno.pl\/?s={search_term_string}\"},\"query-input\":\"required name=search_term_string\"}],\"inLanguage\":\"pl-PL\"},{\"@type\":\"ImageObject\",\"@id\":\"http:\/\/www.lesnapolanaslawno.pl\/index.php\/rok-2019\/#primaryimage\",\"inLanguage\":\"pl-PL\",\"url\":\"http:\/\/www.lesnapolanaslawno.pl\/wp-content\/uploads\/2019\/07\/cropped-para-saren-ruja.jpg\",\"contentUrl\":\"http:\/\/www.lesnapolanaslawno.pl\/wp-content\/uploads\/2019\/07\/cropped-para-saren-ruja.jpg\",\"width\":960,\"height\":540,\"caption\":\"rogacz\"},{\"@type\":\"WebPage\",\"@id\":\"http:\/\/www.lesnapolanaslawno.pl\/index.php\/rok-2019\/#webpage\",\"url\":\"http:\/\/www.lesnapolanaslawno.pl\/index.php\/rok-2019\/\",\"name\":\"Rok 2019 - Ko\\u0142o \\u0141owieckie &quot;Le\\u015bna Polana w S\\u0142awnie&quot;\",\"isPartOf\":{\"@id\":\"http:\/\/www.lesnapolanaslawno.pl\/#website\"},\"primaryImageOfPage\":{\"@id\":\"http:\/\/www.lesnapolanaslawno.pl\/index.php\/rok-2019\/#primaryimage\"},\"datePublished\":\"2019-07-02T08:21:52+00:00\",\"dateModified\":\"2019-12-30T14:33:19+00:00\",\"breadcrumb\":{\"@id\":\"http:\/\/www.lesnapolanaslawno.pl\/index.php\/rok-2019\/#breadcrumb\"},\"inLanguage\":\"pl-PL\",\"potentialAction\":[{\"@type\":\"ReadAction\",\"target\":[\"http:\/\/www.lesnapolanaslawno.pl\/index.php\/rok-2019\/\"]}]},{\"@type\":\"BreadcrumbList\",\"@id\":\"http:\/\/www.lesnapolanaslawno.pl\/index.php\/rok-2019\/#breadcrumb\",\"itemListElement\":[{\"@type\":\"ListItem\",\"position\":1,\"name\":\"Strona g\\u0142\\u00f3wna\",\"item\":\"http:\/\/www.lesnapolanaslawno.pl\/\"},{\"@type\":\"ListItem\",\"position\":2,\"name\":\"Rok 2019\"}]}]}<\/script>\n<!-- \/ Yoast SEO plugin. -->","yoast_head_json":{"title":"Rok 2019 - Ko\u0142o \u0141owieckie &quot;Le\u015bna Polana w S\u0142awnie&quot;","robots":{"index":"index","follow":"follow","max-snippet":"max-snippet:-1","max-image-preview":"max-image-preview:large","max-video-preview":"max-video-preview:-1"},"canonical":"http:\/\/www.lesnapolanaslawno.pl\/index.php\/rok-2019\/","og_locale":"pl_PL","og_type":"article","og_title":"Rok 2019 - Ko\u0142o \u0141owieckie &quot;Le\u015bna Polana w S\u0142awnie&quot;","og_description":"Polowanie Wigilijne 21 grudnia 2019 r. Polowanie Hubertowskie 3 listopada 2019 r. 65-lecie Ko\u0142a Tychowo 14 wrze\u015bnia 2019 r. Polowania zbiorowe w dniach 11-13 stycznia 2019 r. Walne Zgromadzenie Cz\u0142onk\u00f3w Ko\u0142a 09 06 2019","og_url":"http:\/\/www.lesnapolanaslawno.pl\/index.php\/rok-2019\/","og_site_name":"Ko\u0142o \u0141owieckie &quot;Le\u015bna Polana w S\u0142awnie&quot;","article_modified_time":"2019-12-30T14:33:19+00:00","og_image":[{"width":960,"height":540,"url":"http:\/\/www.lesnapolanaslawno.pl\/wp-content\/uploads\/2019\/07\/cropped-para-saren-ruja.jpg","path":"\/home\/lesnapolkj\/www\/wp-content\/uploads\/2019\/07\/cropped-para-saren-ruja.jpg","size":"full","id":649,"alt":"","pixels":518400,"type":"image\/jpeg"}],"twitter_card":"summary","schema":{"@context":"https:\/\/schema.org","@graph":[{"@type":"WebSite","@id":"http:\/\/www.lesnapolanaslawno.pl\/#website","url":"http:\/\/www.lesnapolanaslawno.pl\/","name":"Ko\u0142o \u0141owieckie &quot;Le\u015bna Polana w S\u0142awnie&quot;","description":"Przybli\u017camy tematyk\u0119 \u0142owieck\u0105, informujemy cz\u0142onk\u00f3w ko\u0142a o bie\u017c\u0105cych wydarzeniach.","potentialAction":[{"@type":"SearchAction","target":{"@type":"EntryPoint","urlTemplate":"http:\/\/www.lesnapolanaslawno.pl\/?s={search_term_string}"},"query-input":"required name=search_term_string"}],"inLanguage":"pl-PL"},{"@type":"ImageObject","@id":"http:\/\/www.lesnapolanaslawno.pl\/index.php\/rok-2019\/#primaryimage","inLanguage":"pl-PL","url":"http:\/\/www.lesnapolanaslawno.pl\/wp-content\/uploads\/2019\/07\/cropped-para-saren-ruja.jpg","contentUrl":"http:\/\/www.lesnapolanaslawno.pl\/wp-content\/uploads\/2019\/07\/cropped-para-saren-ruja.jpg","width":960,"height":540,"caption":"rogacz"},{"@type":"WebPage","@id":"http:\/\/www.lesnapolanaslawno.pl\/index.php\/rok-2019\/#webpage","url":"http:\/\/www.lesnapolanaslawno.pl\/index.php\/rok-2019\/","name":"Rok 2019 - Ko\u0142o \u0141owieckie &quot;Le\u015bna Polana w S\u0142awnie&quot;","isPartOf":{"@id":"http:\/\/www.lesnapolanaslawno.pl\/#website"},"primaryImageOfPage":{"@id":"http:\/\/www.lesnapolanaslawno.pl\/index.php\/rok-2019\/#primaryimage"},"datePublished":"2019-07-02T08:21:52+00:00","dateModified":"2019-12-30T14:33:19+00:00","breadcrumb":{"@id":"http:\/\/www.lesnapolanaslawno.pl\/index.php\/rok-2019\/#breadcrumb"},"inLanguage":"pl-PL","potentialAction":[{"@type":"ReadAction","target":["http:\/\/www.lesnapolanaslawno.pl\/index.php\/rok-2019\/"]}]},{"@type":"BreadcrumbList","@id":"http:\/\/www.lesnapolanaslawno.pl\/index.php\/rok-2019\/#breadcrumb","itemListElement":[{"@type":"ListItem","position":1,"name":"Strona g\u0142\u00f3wna","item":"http:\/\/www.lesnapolanaslawno.pl\/"},{"@type":"ListItem","position":2,"name":"Rok 2019"}]}]}},"_links":{"self":[{"href":"http:\/\/www.lesnapolanaslawno.pl\/index.php\/wp-json\/wp\/v2\/pages\/646"}],"collection":[{"href":"http:\/\/www.lesnapolanaslawno.pl\/index.php\/wp-json\/wp\/v2\/pages"}],"about":[{"href":"http:\/\/www.lesnapolanaslawno.pl\/index.php\/wp-json\/wp\/v2\/types\/page"}],"author":[{"embeddable":true,"href":"http:\/\/www.lesnapolanaslawno.pl\/index.php\/wp-json\/wp\/v2\/users\/1"}],"replies":[{"embeddable":true,"href":"http:\/\/www.lesnapolanaslawno.pl\/index.php\/wp-json\/wp\/v2\/comments?post=646"}],"version-history":[{"count":5,"href":"http:\/\/www.lesnapolanaslawno.pl\/index.php\/wp-json\/wp\/v2\/pages\/646\/revisions"}],"predecessor-version":[{"id":695,"href":"http:\/\/www.lesnapolanaslawno.pl\/index.php\/wp-json\/wp\/v2\/pages\/646\/revisions\/695"}],"wp:featuredmedia":[{"embeddable":true,"href":"http:\/\/www.lesnapolanaslawno.pl\/index.php\/wp-json\/wp\/v2\/media\/649"}],"wp:attachment":[{"href":"http:\/\/www.lesnapolanaslawno.pl\/index.php\/wp-json\/wp\/v2\/media?parent=646"}],"curies":[{"name":"wp","href":"https:\/\/api.w.org\/{rel}","templated":true}]}}

<p><a href="https://photos.app.goo.gl/z4KFtebb2dYZAH878"><span style="text-decoration: underline;">Polowanie Wigilijne 21 grudnia 2019 r.</span></a></p>
<p><a href="https://photos.app.goo.gl/HfSHcFeEiK1HNw3o6"><span style="text-decoration: underline;">Polowanie Hubertowskie 3 listopada 2019 r.</span></a></p>
<p><a href="https://photos.app.goo.gl/gumefoHKniom5DfN9">65-lecie Koła Tychowo 14 września 2019 r.</a></p>
<p><a href="https://photos.app.goo.gl/31vTDWUhTrQQE9g79" target="_blank" rel="noopener noreferrer"><span style="text-decoration: underline;">Polowania zbiorowe w dniach 11-13 stycznia 2019 r.</span></a></p>
<p><a href="https://photos.app.goo.gl/Xcb57sBP7JJZQ8eb7"><span style="text-decoration: underline;">Walne Zgromadzenie Członków Koła 09 06 2019</span></a></p>

<p>Polowanie Wigilijne 21 grudnia 2019 r. Polowanie Hubertowskie 3 listopada 2019 r. 65-lecie Koła Tychowo 14 września 2019 r. Polowania zbiorowe w dniach 11-13 stycznia 2019 r. Walne Zgromadzenie Członków Koła 09 06 2019</p>

<!-- This site is optimized with the Yoast SEO plugin v17.1 - https://yoast.com/wordpress/plugins/seo/ -->
<title>Rok 2019 - Koło Łowieckie &quot;Leśna Polana w Sławnie&quot;</title>
<meta name="robots" content="index, follow, max-snippet:-1, max-image-preview:large, max-video-preview:-1" />
<link rel="canonical" href="http://www.lesnapolanaslawno.pl/index.php/rok-2019/" />
<meta property="og:locale" content="pl_PL" />
<meta property="og:type" content="article" />
<meta property="og:title" content="Rok 2019 - Koło Łowieckie &quot;Leśna Polana w Sławnie&quot;" />
<meta property="og:description" content="Polowanie Wigilijne 21 grudnia 2019 r. Polowanie Hubertowskie 3 listopada 2019 r. 65-lecie Koła Tychowo 14 września 2019 r. Polowania zbiorowe w dniach 11-13 stycznia 2019 r. Walne Zgromadzenie Członków Koła 09 06 2019" />
<meta property="og:url" content="http://www.lesnapolanaslawno.pl/index.php/rok-2019/" />
<meta property="og:site_name" content="Koło Łowieckie &quot;Leśna Polana w Sławnie&quot;" />
<meta property="article:modified_time" content="2019-12-30T14:33:19+00:00" />
<meta property="og:image" content="http://www.lesnapolanaslawno.pl/wp-content/uploads/2019/07/cropped-para-saren-ruja.jpg" />
	<meta property="og:image:width" content="960" />
	<meta property="og:image:height" content="540" />
<meta name="twitter:card" content="summary" />
<script type="application/ld+json" class="yoast-schema-graph">{"@context":"https://schema.org","@graph":[{"@type":"WebSite","@id":"http://www.lesnapolanaslawno.pl/#website","url":"http://www.lesnapolanaslawno.pl/","name":"Ko\u0142o \u0141owieckie &quot;Le\u015bna Polana w S\u0142awnie&quot;","description":"Przybli\u017camy tematyk\u0119 \u0142owieck\u0105, informujemy cz\u0142onk\u00f3w ko\u0142a o bie\u017c\u0105cych wydarzeniach.","potentialAction":[{"@type":"SearchAction","target":{"@type":"EntryPoint","urlTemplate":"http://www.lesnapolanaslawno.pl/?s={search_term_string}"},"query-input":"required name=search_term_string"}],"inLanguage":"pl-PL"},{"@type":"ImageObject","@id":"http://www.lesnapolanaslawno.pl/index.php/rok-2019/#primaryimage","inLanguage":"pl-PL","url":"http://www.lesnapolanaslawno.pl/wp-content/uploads/2019/07/cropped-para-saren-ruja.jpg","contentUrl":"http://www.lesnapolanaslawno.pl/wp-content/uploads/2019/07/cropped-para-saren-ruja.jpg","width":960,"height":540,"caption":"rogacz"},{"@type":"WebPage","@id":"http://www.lesnapolanaslawno.pl/index.php/rok-2019/#webpage","url":"http://www.lesnapolanaslawno.pl/index.php/rok-2019/","name":"Rok 2019 - Ko\u0142o \u0141owieckie &quot;Le\u015bna Polana w S\u0142awnie&quot;","isPartOf":{"@id":"http://www.lesnapolanaslawno.pl/#website"},"primaryImageOfPage":{"@id":"http://www.lesnapolanaslawno.pl/index.php/rok-2019/#primaryimage"},"datePublished":"2019-07-02T08:21:52+00:00","dateModified":"2019-12-30T14:33:19+00:00","breadcrumb":{"@id":"http://www.lesnapolanaslawno.pl/index.php/rok-2019/#breadcrumb"},"inLanguage":"pl-PL","potentialAction":[{"@type":"ReadAction","target":["http://www.lesnapolanaslawno.pl/index.php/rok-2019/"]}]},{"@type":"BreadcrumbList","@id":"http://www.lesnapolanaslawno.pl/index.php/rok-2019/#breadcrumb","itemListElement":[{"@type":"ListItem","position":1,"name":"Strona g\u0142\u00f3wna","item":"http://www.lesnapolanaslawno.pl/"},{"@type":"ListItem","position":2,"name":"Rok 2019"}]}]}</script>
<!-- / Yoast SEO plugin. -->

Rok 2019 - Koło Łowieckie &quot;Leśna Polana w Sławnie&quot;

Polowanie Wigilijne 21 grudnia 2019 r. Polowanie Hubertowskie 3 listopada 2019 r. 65-lecie Koła Tychowo 14 września 2019 r. Polowania zbiorowe w dniach 11-13 stycznia 2019 r. Walne Zgromadzenie Członków Koła 09 06 2019

Koło Łowieckie &quot;Leśna Polana w Sławnie&quot;

Przybliżamy tematykę łowiecką, informujemy członków koła o bieżących wydarzeniach.

Strona główna
