{"id":397,"date":"2017-01-19T10:39:40","date_gmt":"2017-01-19T09:39:40","guid":{"rendered":"http:\/\/www.lesnapolanaslawno.pl\/?page_id=397"},"modified":"2017-12-23T20:21:09","modified_gmt":"2017-12-23T19:21:09","slug":"rok-2017","status":"publish","type":"page","link":"http:\/\/www.lesnapolanaslawno.pl\/index.php\/dla-czlonkow-kola\/galeria-mysliwska\/rok-2017\/","title":{"rendered":"Rok 2017"},"content":{"rendered":"<p><a href=\"https:\/\/photos.app.goo.gl\/NLd7iQHBY9s4WjHB2\" target=\"_blank\" rel=\"noopener\"><span style=\"text-decoration: underline;\">Zbiorowe Wigilijne 16 12 2017<\/span><\/a><\/p>\n<p><a href=\"https:\/\/photos.app.goo.gl\/GgbmhtSeNbF8Fveg1\" target=\"_blank\" rel=\"noopener\"><span style=\"text-decoration: underline;\">Zbiorowe Hubertus 28 10 2017<\/span><\/a><\/p>\n<p><span style=\"text-decoration: underline;\"><a href=\"https:\/\/youtu.be\/yBQ8iE-uGRI\" target=\"_blank\" rel=\"noopener\">Zbiorowe Hubertus 28 10 filmy<\/a><\/span><\/p>\n<p><a href=\"https:\/\/goo.gl\/photos\/zZsn6mPU381J1jgg6\" target=\"_blank\" rel=\"noopener\"><span style=\"text-decoration: underline;\">Piknik my\u015bliwski w Tychowie 26 08 2017 zdj\u0119cia<\/span><\/a><\/p>\n<p><a href=\"https:\/\/goo.gl\/photos\/6sf7wampW3ZiHZb77\" target=\"_blank\" rel=\"noopener noreferrer\"><span style=\"text-decoration: underline;\">Strzelnica w Warcinie &#8211; trening i przystrzelanie broni &#8211; 24 06 2017<\/span><\/a><\/p>\n<p><a href=\"https:\/\/goo.gl\/photos\/4d7qju2RAS7xmKP18\" target=\"_blank\" rel=\"noopener noreferrer\"><span style=\"text-decoration: underline;\">Walne Zgromadzenie Cz\u0142onk\u00f3w Ko\u0142a 11 06 2017<\/span><\/a><\/p>\n<p><a href=\"https:\/\/goo.gl\/photos\/uGdrWy6StE4dbTKV7\" target=\"_blank\" rel=\"noopener noreferrer\"><span style=\"text-decoration: underline;\">700-lecie S\u0142awna &#8211; udzia\u0142 w uroczysto\u015bciach<\/span><\/a><\/p>\n<p><a href=\"https:\/\/goo.gl\/photos\/xussVUDWNmcczQ6k9\" target=\"_blank\" rel=\"noopener noreferrer\"><span style=\"text-decoration: underline;\">Zbiorowe 15 01 2017<\/span><\/a><\/p>\n<p><a href=\"https:\/\/www.youtube.com\/playlist?list=PLrO78KIsnxGxrTnEMEpEeIQKMaGMSNrcw\" target=\"_blank\" rel=\"noopener noreferrer\"><span style=\"text-decoration: underline;\">Zbiorowe 15 01 2017 filmy<\/span><\/a><\/p>\n<p><a href=\"https:\/\/goo.gl\/photos\/3DvKTorMLTViUkL5A\" target=\"_blank\" rel=\"noopener noreferrer\"><span style=\"text-decoration: underline;\">Zbiorowe 14 01 2017<\/span><\/a><\/p>\n<p><span style=\"text-decoration: underline;\"><a href=\"https:\/\/www.youtube.com\/playlist?list=PLrO78KIsnxGxrTnEMEpEeIQKMaGMSNrcw\" target=\"_blank\" rel=\"noopener noreferrer\">Zbiorowe 14 01 2017 filmy<\/a><br \/>\n<\/span><\/p>\n","protected":false},"excerpt":{"rendered":"<p>Zbiorowe Wigilijne 16 12 2017 Zbiorowe Hubertus 28 10 2017 Zbiorowe Hubertus 28 10 filmy Piknik my\u015bliwski w Tychowie 26 08 2017 zdj\u0119cia Strzelnica w Warcinie &#8211; trening i przystrzelanie broni &#8211; 24 06 2017 Walne Zgromadzenie Cz\u0142onk\u00f3w Ko\u0142a 11 06 2017 700-lecie S\u0142awna &#8211; udzia\u0142 w uroczysto\u015bciach Zbiorowe 15 01 2017 Zbiorowe 15 01 [&hellip;]<\/p>\n","protected":false},"author":1,"featured_media":398,"parent":154,"menu_order":0,"comment_status":"closed","ping_status":"closed","template":"","meta":[],"yoast_head":"<!-- This site is optimized with the Yoast SEO plugin v17.1 - https:\/\/yoast.com\/wordpress\/plugins\/seo\/ -->\n<title>Rok 2017 - Ko\u0142o \u0141owieckie &quot;Le\u015bna Polana w S\u0142awnie&quot;<\/title>\n<meta name=\"robots\" content=\"index, follow, max-snippet:-1, max-image-preview:large, max-video-preview:-1\" \/>\n<link rel=\"canonical\" href=\"http:\/\/www.lesnapolanaslawno.pl\/index.php\/dla-czlonkow-kola\/galeria-mysliwska\/rok-2017\/\" \/>\n<meta property=\"og:locale\" content=\"pl_PL\" \/>\n<meta property=\"og:type\" content=\"article\" \/>\n<meta property=\"og:title\" content=\"Rok 2017 - Ko\u0142o \u0141owieckie &quot;Le\u015bna Polana w S\u0142awnie&quot;\" \/>\n<meta property=\"og:description\" content=\"Zbiorowe Wigilijne 16 12 2017 Zbiorowe Hubertus 28 10 2017 Zbiorowe Hubertus 28 10 filmy Piknik my\u015bliwski w Tychowie 26 08 2017 zdj\u0119cia Strzelnica w Warcinie &#8211; trening i przystrzelanie broni &#8211; 24 06 2017 Walne Zgromadzenie Cz\u0142onk\u00f3w Ko\u0142a 11 06 2017 700-lecie S\u0142awna &#8211; udzia\u0142 w uroczysto\u015bciach Zbiorowe 15 01 2017 Zbiorowe 15 01 [&hellip;]\" \/>\n<meta property=\"og:url\" content=\"http:\/\/www.lesnapolanaslawno.pl\/index.php\/dla-czlonkow-kola\/galeria-mysliwska\/rok-2017\/\" \/>\n<meta property=\"og:site_name\" content=\"Ko\u0142o \u0141owieckie &quot;Le\u015bna Polana w S\u0142awnie&quot;\" \/>\n<meta property=\"article:modified_time\" content=\"2017-12-23T19:21:09+00:00\" \/>\n<meta property=\"og:image\" content=\"http:\/\/www.lesnapolanaslawno.pl\/wp-content\/uploads\/2017\/01\/Zbiorowe-15-01-2017-35-e1484818367510.jpg\" \/>\n\t<meta property=\"og:image:width\" content=\"4155\" \/>\n\t<meta property=\"og:image:height\" content=\"1837\" \/>\n<meta name=\"twitter:card\" content=\"summary\" \/>\n<script type=\"application\/ld+json\" class=\"yoast-schema-graph\">{\"@context\":\"https:\/\/schema.org\",\"@graph\":[{\"@type\":\"WebSite\",\"@id\":\"http:\/\/www.lesnapolanaslawno.pl\/#website\",\"url\":\"http:\/\/www.lesnapolanaslawno.pl\/\",\"name\":\"Ko\\u0142o \\u0141owieckie &quot;Le\\u015bna Polana w S\\u0142awnie&quot;\",\"description\":\"Przybli\\u017camy tematyk\\u0119 \\u0142owieck\\u0105, informujemy cz\\u0142onk\\u00f3w ko\\u0142a o bie\\u017c\\u0105cych wydarzeniach.\",\"potentialAction\":[{\"@type\":\"SearchAction\",\"target\":{\"@type\":\"EntryPoint\",\"urlTemplate\":\"http:\/\/www.lesnapolanaslawno.pl\/?s={search_term_string}\"},\"query-input\":\"required name=search_term_string\"}],\"inLanguage\":\"pl-PL\"},{\"@type\":\"ImageObject\",\"@id\":\"http:\/\/www.lesnapolanaslawno.pl\/index.php\/dla-czlonkow-kola\/galeria-mysliwska\/rok-2017\/#primaryimage\",\"inLanguage\":\"pl-PL\",\"url\":\"http:\/\/www.lesnapolanaslawno.pl\/wp-content\/uploads\/2017\/01\/Zbiorowe-15-01-2017-35-e1484818367510.jpg\",\"contentUrl\":\"http:\/\/www.lesnapolanaslawno.pl\/wp-content\/uploads\/2017\/01\/Zbiorowe-15-01-2017-35-e1484818367510.jpg\",\"width\":4155,\"height\":1837},{\"@type\":\"WebPage\",\"@id\":\"http:\/\/www.lesnapolanaslawno.pl\/index.php\/dla-czlonkow-kola\/galeria-mysliwska\/rok-2017\/#webpage\",\"url\":\"http:\/\/www.lesnapolanaslawno.pl\/index.php\/dla-czlonkow-kola\/galeria-mysliwska\/rok-2017\/\",\"name\":\"Rok 2017 - Ko\\u0142o \\u0141owieckie &quot;Le\\u015bna Polana w S\\u0142awnie&quot;\",\"isPartOf\":{\"@id\":\"http:\/\/www.lesnapolanaslawno.pl\/#website\"},\"primaryImageOfPage\":{\"@id\":\"http:\/\/www.lesnapolanaslawno.pl\/index.php\/dla-czlonkow-kola\/galeria-mysliwska\/rok-2017\/#primaryimage\"},\"datePublished\":\"2017-01-19T09:39:40+00:00\",\"dateModified\":\"2017-12-23T19:21:09+00:00\",\"breadcrumb\":{\"@id\":\"http:\/\/www.lesnapolanaslawno.pl\/index.php\/dla-czlonkow-kola\/galeria-mysliwska\/rok-2017\/#breadcrumb\"},\"inLanguage\":\"pl-PL\",\"potentialAction\":[{\"@type\":\"ReadAction\",\"target\":[\"http:\/\/www.lesnapolanaslawno.pl\/index.php\/dla-czlonkow-kola\/galeria-mysliwska\/rok-2017\/\"]}]},{\"@type\":\"BreadcrumbList\",\"@id\":\"http:\/\/www.lesnapolanaslawno.pl\/index.php\/dla-czlonkow-kola\/galeria-mysliwska\/rok-2017\/#breadcrumb\",\"itemListElement\":[{\"@type\":\"ListItem\",\"position\":1,\"name\":\"Strona g\\u0142\\u00f3wna\",\"item\":\"http:\/\/www.lesnapolanaslawno.pl\/\"},{\"@type\":\"ListItem\",\"position\":2,\"name\":\"Dla Cz\\u0142onk\\u00f3w Ko\\u0142a\",\"item\":\"http:\/\/www.lesnapolanaslawno.pl\/index.php\/dla-czlonkow-kola\/\"},{\"@type\":\"ListItem\",\"position\":3,\"name\":\"Galeria My\\u015bliwska\",\"item\":\"http:\/\/www.lesnapolanaslawno.pl\/index.php\/dla-czlonkow-kola\/galeria-mysliwska\/\"},{\"@type\":\"ListItem\",\"position\":4,\"name\":\"Rok 2017\"}]}]}<\/script>\n<!-- \/ Yoast SEO plugin. -->","yoast_head_json":{"title":"Rok 2017 - Ko\u0142o \u0141owieckie &quot;Le\u015bna Polana w S\u0142awnie&quot;","robots":{"index":"index","follow":"follow","max-snippet":"max-snippet:-1","max-image-preview":"max-image-preview:large","max-video-preview":"max-video-preview:-1"},"canonical":"http:\/\/www.lesnapolanaslawno.pl\/index.php\/dla-czlonkow-kola\/galeria-mysliwska\/rok-2017\/","og_locale":"pl_PL","og_type":"article","og_title":"Rok 2017 - Ko\u0142o \u0141owieckie &quot;Le\u015bna Polana w S\u0142awnie&quot;","og_description":"Zbiorowe Wigilijne 16 12 2017 Zbiorowe Hubertus 28 10 2017 Zbiorowe Hubertus 28 10 filmy Piknik my\u015bliwski w Tychowie 26 08 2017 zdj\u0119cia Strzelnica w Warcinie &#8211; trening i przystrzelanie broni &#8211; 24 06 2017 Walne Zgromadzenie Cz\u0142onk\u00f3w Ko\u0142a 11 06 2017 700-lecie S\u0142awna &#8211; udzia\u0142 w uroczysto\u015bciach Zbiorowe 15 01 2017 Zbiorowe 15 01 [&hellip;]","og_url":"http:\/\/www.lesnapolanaslawno.pl\/index.php\/dla-czlonkow-kola\/galeria-mysliwska\/rok-2017\/","og_site_name":"Ko\u0142o \u0141owieckie &quot;Le\u015bna Polana w S\u0142awnie&quot;","article_modified_time":"2017-12-23T19:21:09+00:00","og_image":[{"width":4155,"height":1837,"url":"http:\/\/www.lesnapolanaslawno.pl\/wp-content\/uploads\/2017\/01\/Zbiorowe-15-01-2017-35-e1484818367510.jpg","path":"\/home\/lesnapolkj\/www\/wp-content\/uploads\/2017\/01\/Zbiorowe-15-01-2017-35-e1484818367510.jpg","size":"full","id":398,"alt":"","pixels":7632735,"type":"image\/jpeg"}],"twitter_card":"summary","schema":{"@context":"https:\/\/schema.org","@graph":[{"@type":"WebSite","@id":"http:\/\/www.lesnapolanaslawno.pl\/#website","url":"http:\/\/www.lesnapolanaslawno.pl\/","name":"Ko\u0142o \u0141owieckie &quot;Le\u015bna Polana w S\u0142awnie&quot;","description":"Przybli\u017camy tematyk\u0119 \u0142owieck\u0105, informujemy cz\u0142onk\u00f3w ko\u0142a o bie\u017c\u0105cych wydarzeniach.","potentialAction":[{"@type":"SearchAction","target":{"@type":"EntryPoint","urlTemplate":"http:\/\/www.lesnapolanaslawno.pl\/?s={search_term_string}"},"query-input":"required name=search_term_string"}],"inLanguage":"pl-PL"},{"@type":"ImageObject","@id":"http:\/\/www.lesnapolanaslawno.pl\/index.php\/dla-czlonkow-kola\/galeria-mysliwska\/rok-2017\/#primaryimage","inLanguage":"pl-PL","url":"http:\/\/www.lesnapolanaslawno.pl\/wp-content\/uploads\/2017\/01\/Zbiorowe-15-01-2017-35-e1484818367510.jpg","contentUrl":"http:\/\/www.lesnapolanaslawno.pl\/wp-content\/uploads\/2017\/01\/Zbiorowe-15-01-2017-35-e1484818367510.jpg","width":4155,"height":1837},{"@type":"WebPage","@id":"http:\/\/www.lesnapolanaslawno.pl\/index.php\/dla-czlonkow-kola\/galeria-mysliwska\/rok-2017\/#webpage","url":"http:\/\/www.lesnapolanaslawno.pl\/index.php\/dla-czlonkow-kola\/galeria-mysliwska\/rok-2017\/","name":"Rok 2017 - Ko\u0142o \u0141owieckie &quot;Le\u015bna Polana w S\u0142awnie&quot;","isPartOf":{"@id":"http:\/\/www.lesnapolanaslawno.pl\/#website"},"primaryImageOfPage":{"@id":"http:\/\/www.lesnapolanaslawno.pl\/index.php\/dla-czlonkow-kola\/galeria-mysliwska\/rok-2017\/#primaryimage"},"datePublished":"2017-01-19T09:39:40+00:00","dateModified":"2017-12-23T19:21:09+00:00","breadcrumb":{"@id":"http:\/\/www.lesnapolanaslawno.pl\/index.php\/dla-czlonkow-kola\/galeria-mysliwska\/rok-2017\/#breadcrumb"},"inLanguage":"pl-PL","potentialAction":[{"@type":"ReadAction","target":["http:\/\/www.lesnapolanaslawno.pl\/index.php\/dla-czlonkow-kola\/galeria-mysliwska\/rok-2017\/"]}]},{"@type":"BreadcrumbList","@id":"http:\/\/www.lesnapolanaslawno.pl\/index.php\/dla-czlonkow-kola\/galeria-mysliwska\/rok-2017\/#breadcrumb","itemListElement":[{"@type":"ListItem","position":1,"name":"Strona g\u0142\u00f3wna","item":"http:\/\/www.lesnapolanaslawno.pl\/"},{"@type":"ListItem","position":2,"name":"Dla Cz\u0142onk\u00f3w Ko\u0142a","item":"http:\/\/www.lesnapolanaslawno.pl\/index.php\/dla-czlonkow-kola\/"},{"@type":"ListItem","position":3,"name":"Galeria My\u015bliwska","item":"http:\/\/www.lesnapolanaslawno.pl\/index.php\/dla-czlonkow-kola\/galeria-mysliwska\/"},{"@type":"ListItem","position":4,"name":"Rok 2017"}]}]}},"_links":{"self":[{"href":"http:\/\/www.lesnapolanaslawno.pl\/index.php\/wp-json\/wp\/v2\/pages\/397"}],"collection":[{"href":"http:\/\/www.lesnapolanaslawno.pl\/index.php\/wp-json\/wp\/v2\/pages"}],"about":[{"href":"http:\/\/www.lesnapolanaslawno.pl\/index.php\/wp-json\/wp\/v2\/types\/page"}],"author":[{"embeddable":true,"href":"http:\/\/www.lesnapolanaslawno.pl\/index.php\/wp-json\/wp\/v2\/users\/1"}],"replies":[{"embeddable":true,"href":"http:\/\/www.lesnapolanaslawno.pl\/index.php\/wp-json\/wp\/v2\/comments?post=397"}],"version-history":[{"count":7,"href":"http:\/\/www.lesnapolanaslawno.pl\/index.php\/wp-json\/wp\/v2\/pages\/397\/revisions"}],"predecessor-version":[{"id":497,"href":"http:\/\/www.lesnapolanaslawno.pl\/index.php\/wp-json\/wp\/v2\/pages\/397\/revisions\/497"}],"up":[{"embeddable":true,"href":"http:\/\/www.lesnapolanaslawno.pl\/index.php\/wp-json\/wp\/v2\/pages\/154"}],"wp:featuredmedia":[{"embeddable":true,"href":"http:\/\/www.lesnapolanaslawno.pl\/index.php\/wp-json\/wp\/v2\/media\/398"}],"wp:attachment":[{"href":"http:\/\/www.lesnapolanaslawno.pl\/index.php\/wp-json\/wp\/v2\/media?parent=397"}],"curies":[{"name":"wp","href":"https:\/\/api.w.org\/{rel}","templated":true}]}}