{"id":36,"date":"2016-11-29T16:44:19","date_gmt":"2016-11-29T15:44:19","guid":{"rendered":"http:\/\/www.lesnapolanaslawno.pl\/?page_id=36"},"modified":"2017-01-02T16:52:35","modified_gmt":"2017-01-02T15:52:35","slug":"rok-2016","status":"publish","type":"page","link":"http:\/\/www.lesnapolanaslawno.pl\/index.php\/galeria\/rok-2016\/","title":{"rendered":"Rok 2016"},"content":{"rendered":"<p><span style=\"color: #273621;\"><a style=\"color: #273621;\" href=\"https:\/\/goo.gl\/photos\/8pTJneAJZzxHgiwE6\" target=\"_blank\"><span style=\"text-decoration: underline;\">Polowanie wigilijne 17 grudnia 2016. &#8211; zdj\u0119cia.<\/span><\/a><\/span><\/p>\n<p><span style=\"text-decoration: underline; color: #273621;\"><a style=\"color: #273621; text-decoration: underline;\" href=\"https:\/\/www.youtube.com\/playlist?list=PLrO78KIsnxGw-yVGIOndGbjRtoMq-0BJz\" target=\"_blank\">Polowanie wigilijne 17 grudnia 2016. &#8211; filmy.<\/a><\/span><\/p>\n<p><span style=\"text-decoration: underline; color: #273621;\"><a style=\"color: #273621; text-decoration: underline;\" href=\"https:\/\/goo.gl\/photos\/kAATsCaHfWB1xawj7\" target=\"_blank\">Polowanie Hubertowskie 12 listopada 2016.<\/a><\/span><\/p>\n<p><span style=\"text-decoration: underline; color: #273621;\"><a style=\"color: #273621; text-decoration: underline;\" href=\"https:\/\/www.youtube.com\/playlist?list=PLrO78KIsnxGw-yVGIOndGbjRtoMq-0BJz\" target=\"_blank\">Polowanie Hubertowskie 12 listopada 2016 &#8211; filmy.<\/a><\/span><\/p>\n<p><span style=\"color: #273621;\"><a style=\"color: #273621;\" href=\"https:\/\/goo.gl\/photos\/rRhur9sSucZJRk4h9\" target=\"_blank\"><span style=\"text-decoration: underline;\">Piknik \u0141owiecki w Tychowie &#8211; 27 sierpnia 2016.<\/span><\/a><\/span><\/p>\n<p><span style=\"text-decoration: underline; color: #273621;\"><a style=\"color: #273621; text-decoration: underline;\" href=\"https:\/\/goo.gl\/photos\/BDiYrhdpxaRzz6Pr6\" target=\"_blank\">Walne Zgromadzenie Ko\u0142a &#8211; Tychowo &#8211; 5 czerwca 2016. &#8211; zdj\u0119cia<\/a><\/span><\/p>\n<p><span style=\"text-decoration: underline; color: #273621;\"><a style=\"color: #273621; text-decoration: underline;\" href=\"https:\/\/goo.gl\/photos\/cLcLYztfZNgEXxNX6\" target=\"_blank\">Strzelnica w Warcinie 7 maja 2016. &#8211; zdj\u0119cia<\/a><\/span><\/p>\n<p><span style=\"text-decoration: underline; color: #273621;\"><a style=\"color: #273621; text-decoration: underline;\" href=\"https:\/\/www.youtube.com\/playlist?list=PLrO78KIsnxGw-yVGIOndGbjRtoMq-0BJz\" target=\"_blank\">Polowanie zbiorowe 17 stycz<\/a><a style=\"color: #273621; text-decoration: underline;\" href=\"https:\/\/www.youtube.com\/playlist?list=PLrO78KIsnxGw-yVGIOndGbjRtoMq-0BJz\" target=\"_blank\">nia 2016. &#8211; filmy<\/a><\/span><\/p>\n<p><span style=\"text-decoration: underline; color: #273621;\"><a style=\"color: #273621; text-decoration: underline;\" href=\"https:\/\/goo.gl\/photos\/wKJ5vEGkn1JjY6WK6\" target=\"_blank\">Polowanie zbiorowe 17 stycznia 2016. &#8211; zdj\u0119cia<\/a><\/span><\/p>\n<p><span style=\"text-decoration: underline; color: #273621;\"><a style=\"color: #273621; text-decoration: underline;\" href=\"https:\/\/www.youtube.com\/playlist?list=PLrO78KIsnxGw-yVGIOndGbjRtoMq-0BJz\" target=\"_blank\">Polowanie zbiorowe 16 stycznia 2016. &#8211; filmy<\/a><\/span><\/p>\n<p><span style=\"text-decoration: underline; color: #273621;\"><a style=\"color: #273621; text-decoration: underline;\" href=\"https:\/\/goo.gl\/photos\/7N5rGkEHGLqBoCweA\" target=\"_blank\">Polowanie zbiorowe 16 stycznia 2016. &#8211; zdj\u0119cia<\/a><\/span><\/p>\n","protected":false},"excerpt":{"rendered":"<p>Polowanie wigilijne 17 grudnia 2016. &#8211; zdj\u0119cia. Polowanie wigilijne 17 grudnia 2016. &#8211; filmy. Polowanie Hubertowskie 12 listopada 2016. Polowanie Hubertowskie 12 listopada 2016 &#8211; filmy. Piknik \u0141owiecki w Tychowie &#8211; 27 sierpnia 2016. Walne Zgromadzenie Ko\u0142a &#8211; Tychowo &#8211; 5 czerwca 2016. &#8211; zdj\u0119cia Strzelnica w Warcinie 7 maja 2016. &#8211; zdj\u0119cia Polowanie zbiorowe [&hellip;]<\/p>\n","protected":false},"author":1,"featured_media":41,"parent":28,"menu_order":0,"comment_status":"closed","ping_status":"closed","template":"","meta":[],"yoast_head":"<!-- This site is optimized with the Yoast SEO plugin v17.1 - https:\/\/yoast.com\/wordpress\/plugins\/seo\/ -->\n<title>Rok 2016 - Ko\u0142o \u0141owieckie &quot;Le\u015bna Polana w S\u0142awnie&quot;<\/title>\n<meta name=\"robots\" content=\"index, follow, max-snippet:-1, max-image-preview:large, max-video-preview:-1\" \/>\n<link rel=\"canonical\" href=\"http:\/\/www.lesnapolanaslawno.pl\/index.php\/galeria\/rok-2016\/\" \/>\n<meta property=\"og:locale\" content=\"pl_PL\" \/>\n<meta property=\"og:type\" content=\"article\" \/>\n<meta property=\"og:title\" content=\"Rok 2016 - Ko\u0142o \u0141owieckie &quot;Le\u015bna Polana w S\u0142awnie&quot;\" \/>\n<meta property=\"og:description\" content=\"Polowanie wigilijne 17 grudnia 2016. &#8211; zdj\u0119cia. Polowanie wigilijne 17 grudnia 2016. &#8211; filmy. Polowanie Hubertowskie 12 listopada 2016. Polowanie Hubertowskie 12 listopada 2016 &#8211; filmy. Piknik \u0141owiecki w Tychowie &#8211; 27 sierpnia 2016. Walne Zgromadzenie Ko\u0142a &#8211; Tychowo &#8211; 5 czerwca 2016. &#8211; zdj\u0119cia Strzelnica w Warcinie 7 maja 2016. &#8211; zdj\u0119cia Polowanie zbiorowe [&hellip;]\" \/>\n<meta property=\"og:url\" content=\"http:\/\/www.lesnapolanaslawno.pl\/index.php\/galeria\/rok-2016\/\" \/>\n<meta property=\"og:site_name\" content=\"Ko\u0142o \u0141owieckie &quot;Le\u015bna Polana w S\u0142awnie&quot;\" \/>\n<meta property=\"article:modified_time\" content=\"2017-01-02T15:52:35+00:00\" \/>\n<meta property=\"og:image\" content=\"http:\/\/www.lesnapolanaslawno.pl\/wp-content\/uploads\/2016\/11\/Hubertus-2016-23.jpg\" \/>\n\t<meta property=\"og:image:width\" content=\"2539\" \/>\n\t<meta property=\"og:image:height\" content=\"1455\" \/>\n<meta name=\"twitter:card\" content=\"summary\" \/>\n<script type=\"application\/ld+json\" class=\"yoast-schema-graph\">{\"@context\":\"https:\/\/schema.org\",\"@graph\":[{\"@type\":\"WebSite\",\"@id\":\"http:\/\/www.lesnapolanaslawno.pl\/#website\",\"url\":\"http:\/\/www.lesnapolanaslawno.pl\/\",\"name\":\"Ko\\u0142o \\u0141owieckie &quot;Le\\u015bna Polana w S\\u0142awnie&quot;\",\"description\":\"Przybli\\u017camy tematyk\\u0119 \\u0142owieck\\u0105, informujemy cz\\u0142onk\\u00f3w ko\\u0142a o bie\\u017c\\u0105cych wydarzeniach.\",\"potentialAction\":[{\"@type\":\"SearchAction\",\"target\":{\"@type\":\"EntryPoint\",\"urlTemplate\":\"http:\/\/www.lesnapolanaslawno.pl\/?s={search_term_string}\"},\"query-input\":\"required name=search_term_string\"}],\"inLanguage\":\"pl-PL\"},{\"@type\":\"ImageObject\",\"@id\":\"http:\/\/www.lesnapolanaslawno.pl\/index.php\/galeria\/rok-2016\/#primaryimage\",\"inLanguage\":\"pl-PL\",\"url\":\"http:\/\/www.lesnapolanaslawno.pl\/wp-content\/uploads\/2016\/11\/Hubertus-2016-23.jpg\",\"contentUrl\":\"http:\/\/www.lesnapolanaslawno.pl\/wp-content\/uploads\/2016\/11\/Hubertus-2016-23.jpg\",\"width\":2539,\"height\":1455},{\"@type\":\"WebPage\",\"@id\":\"http:\/\/www.lesnapolanaslawno.pl\/index.php\/galeria\/rok-2016\/#webpage\",\"url\":\"http:\/\/www.lesnapolanaslawno.pl\/index.php\/galeria\/rok-2016\/\",\"name\":\"Rok 2016 - Ko\\u0142o \\u0141owieckie &quot;Le\\u015bna Polana w S\\u0142awnie&quot;\",\"isPartOf\":{\"@id\":\"http:\/\/www.lesnapolanaslawno.pl\/#website\"},\"primaryImageOfPage\":{\"@id\":\"http:\/\/www.lesnapolanaslawno.pl\/index.php\/galeria\/rok-2016\/#primaryimage\"},\"datePublished\":\"2016-11-29T15:44:19+00:00\",\"dateModified\":\"2017-01-02T15:52:35+00:00\",\"breadcrumb\":{\"@id\":\"http:\/\/www.lesnapolanaslawno.pl\/index.php\/galeria\/rok-2016\/#breadcrumb\"},\"inLanguage\":\"pl-PL\",\"potentialAction\":[{\"@type\":\"ReadAction\",\"target\":[\"http:\/\/www.lesnapolanaslawno.pl\/index.php\/galeria\/rok-2016\/\"]}]},{\"@type\":\"BreadcrumbList\",\"@id\":\"http:\/\/www.lesnapolanaslawno.pl\/index.php\/galeria\/rok-2016\/#breadcrumb\",\"itemListElement\":[{\"@type\":\"ListItem\",\"position\":1,\"name\":\"Strona g\\u0142\\u00f3wna\",\"item\":\"http:\/\/www.lesnapolanaslawno.pl\/\"},{\"@type\":\"ListItem\",\"position\":2,\"name\":\"Galeria\",\"item\":\"http:\/\/www.lesnapolanaslawno.pl\/index.php\/galeria\/\"},{\"@type\":\"ListItem\",\"position\":3,\"name\":\"Rok 2016\"}]}]}<\/script>\n<!-- \/ Yoast SEO plugin. -->","yoast_head_json":{"title":"Rok 2016 - Ko\u0142o \u0141owieckie &quot;Le\u015bna Polana w S\u0142awnie&quot;","robots":{"index":"index","follow":"follow","max-snippet":"max-snippet:-1","max-image-preview":"max-image-preview:large","max-video-preview":"max-video-preview:-1"},"canonical":"http:\/\/www.lesnapolanaslawno.pl\/index.php\/galeria\/rok-2016\/","og_locale":"pl_PL","og_type":"article","og_title":"Rok 2016 - Ko\u0142o \u0141owieckie &quot;Le\u015bna Polana w S\u0142awnie&quot;","og_description":"Polowanie wigilijne 17 grudnia 2016. &#8211; zdj\u0119cia. Polowanie wigilijne 17 grudnia 2016. &#8211; filmy. Polowanie Hubertowskie 12 listopada 2016. Polowanie Hubertowskie 12 listopada 2016 &#8211; filmy. Piknik \u0141owiecki w Tychowie &#8211; 27 sierpnia 2016. Walne Zgromadzenie Ko\u0142a &#8211; Tychowo &#8211; 5 czerwca 2016. &#8211; zdj\u0119cia Strzelnica w Warcinie 7 maja 2016. &#8211; zdj\u0119cia Polowanie zbiorowe [&hellip;]","og_url":"http:\/\/www.lesnapolanaslawno.pl\/index.php\/galeria\/rok-2016\/","og_site_name":"Ko\u0142o \u0141owieckie &quot;Le\u015bna Polana w S\u0142awnie&quot;","article_modified_time":"2017-01-02T15:52:35+00:00","og_image":[{"width":2539,"height":1455,"url":"http:\/\/www.lesnapolanaslawno.pl\/wp-content\/uploads\/2016\/11\/Hubertus-2016-23.jpg","path":"\/home\/lesnapolkj\/www\/wp-content\/uploads\/2016\/11\/Hubertus-2016-23.jpg","size":"full","id":41,"alt":"","pixels":3694245,"type":"image\/jpeg"}],"twitter_card":"summary","schema":{"@context":"https:\/\/schema.org","@graph":[{"@type":"WebSite","@id":"http:\/\/www.lesnapolanaslawno.pl\/#website","url":"http:\/\/www.lesnapolanaslawno.pl\/","name":"Ko\u0142o \u0141owieckie &quot;Le\u015bna Polana w S\u0142awnie&quot;","description":"Przybli\u017camy tematyk\u0119 \u0142owieck\u0105, informujemy cz\u0142onk\u00f3w ko\u0142a o bie\u017c\u0105cych wydarzeniach.","potentialAction":[{"@type":"SearchAction","target":{"@type":"EntryPoint","urlTemplate":"http:\/\/www.lesnapolanaslawno.pl\/?s={search_term_string}"},"query-input":"required name=search_term_string"}],"inLanguage":"pl-PL"},{"@type":"ImageObject","@id":"http:\/\/www.lesnapolanaslawno.pl\/index.php\/galeria\/rok-2016\/#primaryimage","inLanguage":"pl-PL","url":"http:\/\/www.lesnapolanaslawno.pl\/wp-content\/uploads\/2016\/11\/Hubertus-2016-23.jpg","contentUrl":"http:\/\/www.lesnapolanaslawno.pl\/wp-content\/uploads\/2016\/11\/Hubertus-2016-23.jpg","width":2539,"height":1455},{"@type":"WebPage","@id":"http:\/\/www.lesnapolanaslawno.pl\/index.php\/galeria\/rok-2016\/#webpage","url":"http:\/\/www.lesnapolanaslawno.pl\/index.php\/galeria\/rok-2016\/","name":"Rok 2016 - Ko\u0142o \u0141owieckie &quot;Le\u015bna Polana w S\u0142awnie&quot;","isPartOf":{"@id":"http:\/\/www.lesnapolanaslawno.pl\/#website"},"primaryImageOfPage":{"@id":"http:\/\/www.lesnapolanaslawno.pl\/index.php\/galeria\/rok-2016\/#primaryimage"},"datePublished":"2016-11-29T15:44:19+00:00","dateModified":"2017-01-02T15:52:35+00:00","breadcrumb":{"@id":"http:\/\/www.lesnapolanaslawno.pl\/index.php\/galeria\/rok-2016\/#breadcrumb"},"inLanguage":"pl-PL","potentialAction":[{"@type":"ReadAction","target":["http:\/\/www.lesnapolanaslawno.pl\/index.php\/galeria\/rok-2016\/"]}]},{"@type":"BreadcrumbList","@id":"http:\/\/www.lesnapolanaslawno.pl\/index.php\/galeria\/rok-2016\/#breadcrumb","itemListElement":[{"@type":"ListItem","position":1,"name":"Strona g\u0142\u00f3wna","item":"http:\/\/www.lesnapolanaslawno.pl\/"},{"@type":"ListItem","position":2,"name":"Galeria","item":"http:\/\/www.lesnapolanaslawno.pl\/index.php\/galeria\/"},{"@type":"ListItem","position":3,"name":"Rok 2016"}]}]}},"_links":{"self":[{"href":"http:\/\/www.lesnapolanaslawno.pl\/index.php\/wp-json\/wp\/v2\/pages\/36"}],"collection":[{"href":"http:\/\/www.lesnapolanaslawno.pl\/index.php\/wp-json\/wp\/v2\/pages"}],"about":[{"href":"http:\/\/www.lesnapolanaslawno.pl\/index.php\/wp-json\/wp\/v2\/types\/page"}],"author":[{"embeddable":true,"href":"http:\/\/www.lesnapolanaslawno.pl\/index.php\/wp-json\/wp\/v2\/users\/1"}],"replies":[{"embeddable":true,"href":"http:\/\/www.lesnapolanaslawno.pl\/index.php\/wp-json\/wp\/v2\/comments?post=36"}],"version-history":[{"count":8,"href":"http:\/\/www.lesnapolanaslawno.pl\/index.php\/wp-json\/wp\/v2\/pages\/36\/revisions"}],"predecessor-version":[{"id":372,"href":"http:\/\/www.lesnapolanaslawno.pl\/index.php\/wp-json\/wp\/v2\/pages\/36\/revisions\/372"}],"up":[{"embeddable":true,"href":"http:\/\/www.lesnapolanaslawno.pl\/index.php\/wp-json\/wp\/v2\/pages\/28"}],"wp:featuredmedia":[{"embeddable":true,"href":"http:\/\/www.lesnapolanaslawno.pl\/index.php\/wp-json\/wp\/v2\/media\/41"}],"wp:attachment":[{"href":"http:\/\/www.lesnapolanaslawno.pl\/index.php\/wp-json\/wp\/v2\/media?parent=36"}],"curies":[{"name":"wp","href":"https:\/\/api.w.org\/{rel}","templated":true}]}}

<p><span style="color: #273621;"><a style="color: #273621;" href="https://goo.gl/photos/8pTJneAJZzxHgiwE6" target="_blank"><span style="text-decoration: underline;">Polowanie wigilijne 17 grudnia 2016. &#8211; zdjęcia.</span></a></span></p>
<p><span style="text-decoration: underline; color: #273621;"><a style="color: #273621; text-decoration: underline;" href="https://www.youtube.com/playlist?list=PLrO78KIsnxGw-yVGIOndGbjRtoMq-0BJz" target="_blank">Polowanie wigilijne 17 grudnia 2016. &#8211; filmy.</a></span></p>
<p><span style="text-decoration: underline; color: #273621;"><a style="color: #273621; text-decoration: underline;" href="https://goo.gl/photos/kAATsCaHfWB1xawj7" target="_blank">Polowanie Hubertowskie 12 listopada 2016.</a></span></p>
<p><span style="text-decoration: underline; color: #273621;"><a style="color: #273621; text-decoration: underline;" href="https://www.youtube.com/playlist?list=PLrO78KIsnxGw-yVGIOndGbjRtoMq-0BJz" target="_blank">Polowanie Hubertowskie 12 listopada 2016 &#8211; filmy.</a></span></p>
<p><span style="color: #273621;"><a style="color: #273621;" href="https://goo.gl/photos/rRhur9sSucZJRk4h9" target="_blank"><span style="text-decoration: underline;">Piknik Łowiecki w Tychowie &#8211; 27 sierpnia 2016.</span></a></span></p>
<p><span style="text-decoration: underline; color: #273621;"><a style="color: #273621; text-decoration: underline;" href="https://goo.gl/photos/BDiYrhdpxaRzz6Pr6" target="_blank">Walne Zgromadzenie Koła &#8211; Tychowo &#8211; 5 czerwca 2016. &#8211; zdjęcia</a></span></p>
<p><span style="text-decoration: underline; color: #273621;"><a style="color: #273621; text-decoration: underline;" href="https://goo.gl/photos/cLcLYztfZNgEXxNX6" target="_blank">Strzelnica w Warcinie 7 maja 2016. &#8211; zdjęcia</a></span></p>
<p><span style="text-decoration: underline; color: #273621;"><a style="color: #273621; text-decoration: underline;" href="https://www.youtube.com/playlist?list=PLrO78KIsnxGw-yVGIOndGbjRtoMq-0BJz" target="_blank">Polowanie zbiorowe 17 stycz</a><a style="color: #273621; text-decoration: underline;" href="https://www.youtube.com/playlist?list=PLrO78KIsnxGw-yVGIOndGbjRtoMq-0BJz" target="_blank">nia 2016. &#8211; filmy</a></span></p>
<p><span style="text-decoration: underline; color: #273621;"><a style="color: #273621; text-decoration: underline;" href="https://goo.gl/photos/wKJ5vEGkn1JjY6WK6" target="_blank">Polowanie zbiorowe 17 stycznia 2016. &#8211; zdjęcia</a></span></p>
<p><span style="text-decoration: underline; color: #273621;"><a style="color: #273621; text-decoration: underline;" href="https://www.youtube.com/playlist?list=PLrO78KIsnxGw-yVGIOndGbjRtoMq-0BJz" target="_blank">Polowanie zbiorowe 16 stycznia 2016. &#8211; filmy</a></span></p>
<p><span style="text-decoration: underline; color: #273621;"><a style="color: #273621; text-decoration: underline;" href="https://goo.gl/photos/7N5rGkEHGLqBoCweA" target="_blank">Polowanie zbiorowe 16 stycznia 2016. &#8211; zdjęcia</a></span></p>

<p>Polowanie wigilijne 17 grudnia 2016. &#8211; zdjęcia. Polowanie wigilijne 17 grudnia 2016. &#8211; filmy. Polowanie Hubertowskie 12 listopada 2016. Polowanie Hubertowskie 12 listopada 2016 &#8211; filmy. Piknik Łowiecki w Tychowie &#8211; 27 sierpnia 2016. Walne Zgromadzenie Koła &#8211; Tychowo &#8211; 5 czerwca 2016. &#8211; zdjęcia Strzelnica w Warcinie 7 maja 2016. &#8211; zdjęcia Polowanie zbiorowe [&hellip;]</p>

<!-- This site is optimized with the Yoast SEO plugin v17.1 - https://yoast.com/wordpress/plugins/seo/ -->
<title>Rok 2016 - Koło Łowieckie &quot;Leśna Polana w Sławnie&quot;</title>
<meta name="robots" content="index, follow, max-snippet:-1, max-image-preview:large, max-video-preview:-1" />
<link rel="canonical" href="http://www.lesnapolanaslawno.pl/index.php/galeria/rok-2016/" />
<meta property="og:locale" content="pl_PL" />
<meta property="og:type" content="article" />
<meta property="og:title" content="Rok 2016 - Koło Łowieckie &quot;Leśna Polana w Sławnie&quot;" />
<meta property="og:description" content="Polowanie wigilijne 17 grudnia 2016. &#8211; zdjęcia. Polowanie wigilijne 17 grudnia 2016. &#8211; filmy. Polowanie Hubertowskie 12 listopada 2016. Polowanie Hubertowskie 12 listopada 2016 &#8211; filmy. Piknik Łowiecki w Tychowie &#8211; 27 sierpnia 2016. Walne Zgromadzenie Koła &#8211; Tychowo &#8211; 5 czerwca 2016. &#8211; zdjęcia Strzelnica w Warcinie 7 maja 2016. &#8211; zdjęcia Polowanie zbiorowe [&hellip;]" />
<meta property="og:url" content="http://www.lesnapolanaslawno.pl/index.php/galeria/rok-2016/" />
<meta property="og:site_name" content="Koło Łowieckie &quot;Leśna Polana w Sławnie&quot;" />
<meta property="article:modified_time" content="2017-01-02T15:52:35+00:00" />
<meta property="og:image" content="http://www.lesnapolanaslawno.pl/wp-content/uploads/2016/11/Hubertus-2016-23.jpg" />
	<meta property="og:image:width" content="2539" />
	<meta property="og:image:height" content="1455" />
<meta name="twitter:card" content="summary" />
<script type="application/ld+json" class="yoast-schema-graph">{"@context":"https://schema.org","@graph":[{"@type":"WebSite","@id":"http://www.lesnapolanaslawno.pl/#website","url":"http://www.lesnapolanaslawno.pl/","name":"Ko\u0142o \u0141owieckie &quot;Le\u015bna Polana w S\u0142awnie&quot;","description":"Przybli\u017camy tematyk\u0119 \u0142owieck\u0105, informujemy cz\u0142onk\u00f3w ko\u0142a o bie\u017c\u0105cych wydarzeniach.","potentialAction":[{"@type":"SearchAction","target":{"@type":"EntryPoint","urlTemplate":"http://www.lesnapolanaslawno.pl/?s={search_term_string}"},"query-input":"required name=search_term_string"}],"inLanguage":"pl-PL"},{"@type":"ImageObject","@id":"http://www.lesnapolanaslawno.pl/index.php/galeria/rok-2016/#primaryimage","inLanguage":"pl-PL","url":"http://www.lesnapolanaslawno.pl/wp-content/uploads/2016/11/Hubertus-2016-23.jpg","contentUrl":"http://www.lesnapolanaslawno.pl/wp-content/uploads/2016/11/Hubertus-2016-23.jpg","width":2539,"height":1455},{"@type":"WebPage","@id":"http://www.lesnapolanaslawno.pl/index.php/galeria/rok-2016/#webpage","url":"http://www.lesnapolanaslawno.pl/index.php/galeria/rok-2016/","name":"Rok 2016 - Ko\u0142o \u0141owieckie &quot;Le\u015bna Polana w S\u0142awnie&quot;","isPartOf":{"@id":"http://www.lesnapolanaslawno.pl/#website"},"primaryImageOfPage":{"@id":"http://www.lesnapolanaslawno.pl/index.php/galeria/rok-2016/#primaryimage"},"datePublished":"2016-11-29T15:44:19+00:00","dateModified":"2017-01-02T15:52:35+00:00","breadcrumb":{"@id":"http://www.lesnapolanaslawno.pl/index.php/galeria/rok-2016/#breadcrumb"},"inLanguage":"pl-PL","potentialAction":[{"@type":"ReadAction","target":["http://www.lesnapolanaslawno.pl/index.php/galeria/rok-2016/"]}]},{"@type":"BreadcrumbList","@id":"http://www.lesnapolanaslawno.pl/index.php/galeria/rok-2016/#breadcrumb","itemListElement":[{"@type":"ListItem","position":1,"name":"Strona g\u0142\u00f3wna","item":"http://www.lesnapolanaslawno.pl/"},{"@type":"ListItem","position":2,"name":"Galeria","item":"http://www.lesnapolanaslawno.pl/index.php/galeria/"},{"@type":"ListItem","position":3,"name":"Rok 2016"}]}]}</script>
<!-- / Yoast SEO plugin. -->

Rok 2016 - Koło Łowieckie &quot;Leśna Polana w Sławnie&quot;

Polowanie wigilijne 17 grudnia 2016. &#8211; zdjęcia. Polowanie wigilijne 17 grudnia 2016. &#8211; filmy. Polowanie Hubertowskie 12 listopada 2016. Polowanie Hubertowskie 12 listopada 2016 &#8211; filmy. Piknik Łowiecki w Tychowie &#8211; 27 sierpnia 2016. Walne Zgromadzenie Koła &#8211; Tychowo &#8211; 5 czerwca 2016. &#8211; zdjęcia Strzelnica w Warcinie 7 maja 2016. &#8211; zdjęcia Polowanie zbiorowe [&hellip;]

Koło Łowieckie &quot;Leśna Polana w Sławnie&quot;

Przybliżamy tematykę łowiecką, informujemy członków koła o bieżących wydarzeniach.

Strona główna
