{"id":19,"date":"2016-11-29T16:13:30","date_gmt":"2016-11-29T15:13:30","guid":{"rendered":"http:\/\/www.lesnapolanaslawno.pl\/?page_id=19"},"modified":"2017-01-02T15:15:05","modified_gmt":"2017-01-02T14:15:05","slug":"kolo-lowieckie","status":"publish","type":"page","link":"http:\/\/www.lesnapolanaslawno.pl\/index.php\/kolo-lowieckie\/","title":{"rendered":"Ko\u0142o \u0141owieckie"},"content":{"rendered":"<p><span style=\"font-family: Liberation Sans,sans-serif;\"><strong><span style=\"font-family: Liberation Serif,serif;\">Witamy na stronie Ko\u0142a \u0141owieckiego \u201eLe\u015bna Polana\u201d w S\u0142awnie.<\/span><\/strong><\/span><\/p>\n<p><strong><span style=\"font-family: Liberation Serif,serif;\">Mamy nadziej\u0119, \u017ce nasza strona dostarczy wielu ciekawych informacji zar\u00f3wno na temat Ko\u0142a jak i og\u00f3lnych wiadomo\u015bci zwi\u0105zanych z szeroko poj\u0119t\u0105 tematyk\u0105 \u0142owieck\u0105.<\/span><\/strong><\/p>\n<p><strong><span style=\"font-family: Liberation Serif,serif;\">Zapraszamy do kontaktowania si\u0119 z nami, zadawania pyta\u0144 i komentowania.<\/span><\/strong><\/p>\n<p><strong><span style=\"font-family: Liberation Serif,serif;\">Zach\u0119camy do przesy\u0142ania ciekawych informacji i zdj\u0119\u0107 dotycz\u0105cych my\u015blistwa i ochrony przyrody.<\/span><\/strong><\/p>\n<p><strong><a href=\"https:\/\/goo.gl\/photos\/pcZ7GVnqktHSoSvq9\" target=\"_blank\"><span style=\"color: #004586;\"><span style=\"font-family: Liberation Serif,serif;\"><u>Nasz sztandar.<\/u><\/span><\/span><\/a><\/strong><\/p>\n<p><strong><span style=\"font-family: Liberation Serif,serif;\"><u>Wybierz interesuj\u0105c\u0105 Ci\u0119 podstron\u0119.<\/u><\/span><\/strong><\/p>\n","protected":false},"excerpt":{"rendered":"<p>Witamy na stronie Ko\u0142a \u0141owieckiego \u201eLe\u015bna Polana\u201d w S\u0142awnie. Mamy nadziej\u0119, \u017ce nasza strona dostarczy wielu ciekawych informacji zar\u00f3wno na temat Ko\u0142a jak i og\u00f3lnych wiadomo\u015bci zwi\u0105zanych z szeroko poj\u0119t\u0105 tematyk\u0105 \u0142owieck\u0105. Zapraszamy do kontaktowania si\u0119 z nami, zadawania pyta\u0144 i komentowania. Zach\u0119camy do przesy\u0142ania ciekawych informacji i zdj\u0119\u0107 dotycz\u0105cych my\u015blistwa i ochrony przyrody. Nasz [&hellip;]<\/p>\n","protected":false},"author":1,"featured_media":10,"parent":0,"menu_order":0,"comment_status":"closed","ping_status":"closed","template":"","meta":[],"yoast_head":"<!-- This site is optimized with the Yoast SEO plugin v17.1 - https:\/\/yoast.com\/wordpress\/plugins\/seo\/ -->\n<title>Ko\u0142o \u0141owieckie - Ko\u0142o \u0141owieckie &quot;Le\u015bna Polana w S\u0142awnie&quot;<\/title>\n<meta name=\"robots\" content=\"index, follow, max-snippet:-1, max-image-preview:large, max-video-preview:-1\" \/>\n<link rel=\"canonical\" href=\"http:\/\/www.lesnapolanaslawno.pl\/index.php\/kolo-lowieckie\/\" \/>\n<meta property=\"og:locale\" content=\"pl_PL\" \/>\n<meta property=\"og:type\" content=\"article\" \/>\n<meta property=\"og:title\" content=\"Ko\u0142o \u0141owieckie - Ko\u0142o \u0141owieckie &quot;Le\u015bna Polana w S\u0142awnie&quot;\" \/>\n<meta property=\"og:description\" content=\"Witamy na stronie Ko\u0142a \u0141owieckiego \u201eLe\u015bna Polana\u201d w S\u0142awnie. Mamy nadziej\u0119, \u017ce nasza strona dostarczy wielu ciekawych informacji zar\u00f3wno na temat Ko\u0142a jak i og\u00f3lnych wiadomo\u015bci zwi\u0105zanych z szeroko poj\u0119t\u0105 tematyk\u0105 \u0142owieck\u0105. Zapraszamy do kontaktowania si\u0119 z nami, zadawania pyta\u0144 i komentowania. Zach\u0119camy do przesy\u0142ania ciekawych informacji i zdj\u0119\u0107 dotycz\u0105cych my\u015blistwa i ochrony przyrody. Nasz [&hellip;]\" \/>\n<meta property=\"og:url\" content=\"http:\/\/www.lesnapolanaslawno.pl\/index.php\/kolo-lowieckie\/\" \/>\n<meta property=\"og:site_name\" content=\"Ko\u0142o \u0141owieckie &quot;Le\u015bna Polana w S\u0142awnie&quot;\" \/>\n<meta property=\"article:modified_time\" content=\"2017-01-02T14:15:05+00:00\" \/>\n<meta property=\"og:image\" content=\"http:\/\/www.lesnapolanaslawno.pl\/wp-content\/uploads\/2016\/11\/headerLP-1024x431.jpg\" \/>\n\t<meta property=\"og:image:width\" content=\"1024\" \/>\n\t<meta property=\"og:image:height\" content=\"431\" \/>\n<meta name=\"twitter:card\" content=\"summary\" \/>\n<script type=\"application\/ld+json\" class=\"yoast-schema-graph\">{\"@context\":\"https:\/\/schema.org\",\"@graph\":[{\"@type\":\"WebSite\",\"@id\":\"http:\/\/www.lesnapolanaslawno.pl\/#website\",\"url\":\"http:\/\/www.lesnapolanaslawno.pl\/\",\"name\":\"Ko\\u0142o \\u0141owieckie &quot;Le\\u015bna Polana w S\\u0142awnie&quot;\",\"description\":\"Przybli\\u017camy tematyk\\u0119 \\u0142owieck\\u0105, informujemy cz\\u0142onk\\u00f3w ko\\u0142a o bie\\u017c\\u0105cych wydarzeniach.\",\"potentialAction\":[{\"@type\":\"SearchAction\",\"target\":{\"@type\":\"EntryPoint\",\"urlTemplate\":\"http:\/\/www.lesnapolanaslawno.pl\/?s={search_term_string}\"},\"query-input\":\"required name=search_term_string\"}],\"inLanguage\":\"pl-PL\"},{\"@type\":\"ImageObject\",\"@id\":\"http:\/\/www.lesnapolanaslawno.pl\/index.php\/kolo-lowieckie\/#primaryimage\",\"inLanguage\":\"pl-PL\",\"url\":\"http:\/\/www.lesnapolanaslawno.pl\/wp-content\/uploads\/2016\/11\/headerLP.jpg\",\"contentUrl\":\"http:\/\/www.lesnapolanaslawno.pl\/wp-content\/uploads\/2016\/11\/headerLP.jpg\",\"width\":3952,\"height\":1662},{\"@type\":\"WebPage\",\"@id\":\"http:\/\/www.lesnapolanaslawno.pl\/index.php\/kolo-lowieckie\/#webpage\",\"url\":\"http:\/\/www.lesnapolanaslawno.pl\/index.php\/kolo-lowieckie\/\",\"name\":\"Ko\\u0142o \\u0141owieckie - Ko\\u0142o \\u0141owieckie &quot;Le\\u015bna Polana w S\\u0142awnie&quot;\",\"isPartOf\":{\"@id\":\"http:\/\/www.lesnapolanaslawno.pl\/#website\"},\"primaryImageOfPage\":{\"@id\":\"http:\/\/www.lesnapolanaslawno.pl\/index.php\/kolo-lowieckie\/#primaryimage\"},\"datePublished\":\"2016-11-29T15:13:30+00:00\",\"dateModified\":\"2017-01-02T14:15:05+00:00\",\"breadcrumb\":{\"@id\":\"http:\/\/www.lesnapolanaslawno.pl\/index.php\/kolo-lowieckie\/#breadcrumb\"},\"inLanguage\":\"pl-PL\",\"potentialAction\":[{\"@type\":\"ReadAction\",\"target\":[\"http:\/\/www.lesnapolanaslawno.pl\/index.php\/kolo-lowieckie\/\"]}]},{\"@type\":\"BreadcrumbList\",\"@id\":\"http:\/\/www.lesnapolanaslawno.pl\/index.php\/kolo-lowieckie\/#breadcrumb\",\"itemListElement\":[{\"@type\":\"ListItem\",\"position\":1,\"name\":\"Strona g\\u0142\\u00f3wna\",\"item\":\"http:\/\/www.lesnapolanaslawno.pl\/\"},{\"@type\":\"ListItem\",\"position\":2,\"name\":\"Ko\\u0142o \\u0141owieckie\"}]}]}<\/script>\n<!-- \/ Yoast SEO plugin. -->","yoast_head_json":{"title":"Ko\u0142o \u0141owieckie - Ko\u0142o \u0141owieckie &quot;Le\u015bna Polana w S\u0142awnie&quot;","robots":{"index":"index","follow":"follow","max-snippet":"max-snippet:-1","max-image-preview":"max-image-preview:large","max-video-preview":"max-video-preview:-1"},"canonical":"http:\/\/www.lesnapolanaslawno.pl\/index.php\/kolo-lowieckie\/","og_locale":"pl_PL","og_type":"article","og_title":"Ko\u0142o \u0141owieckie - Ko\u0142o \u0141owieckie &quot;Le\u015bna Polana w S\u0142awnie&quot;","og_description":"Witamy na stronie Ko\u0142a \u0141owieckiego \u201eLe\u015bna Polana\u201d w S\u0142awnie. Mamy nadziej\u0119, \u017ce nasza strona dostarczy wielu ciekawych informacji zar\u00f3wno na temat Ko\u0142a jak i og\u00f3lnych wiadomo\u015bci zwi\u0105zanych z szeroko poj\u0119t\u0105 tematyk\u0105 \u0142owieck\u0105. Zapraszamy do kontaktowania si\u0119 z nami, zadawania pyta\u0144 i komentowania. Zach\u0119camy do przesy\u0142ania ciekawych informacji i zdj\u0119\u0107 dotycz\u0105cych my\u015blistwa i ochrony przyrody. Nasz [&hellip;]","og_url":"http:\/\/www.lesnapolanaslawno.pl\/index.php\/kolo-lowieckie\/","og_site_name":"Ko\u0142o \u0141owieckie &quot;Le\u015bna Polana w S\u0142awnie&quot;","article_modified_time":"2017-01-02T14:15:05+00:00","og_image":[{"width":1024,"height":431,"path":"2016\/11\/headerLP-1024x431.jpg","url":"http:\/\/www.lesnapolanaslawno.pl\/wp-content\/uploads\/2016\/11\/headerLP-1024x431.jpg","size":"large","id":10,"alt":"","pixels":441344,"type":"image\/jpeg"}],"twitter_card":"summary","schema":{"@context":"https:\/\/schema.org","@graph":[{"@type":"WebSite","@id":"http:\/\/www.lesnapolanaslawno.pl\/#website","url":"http:\/\/www.lesnapolanaslawno.pl\/","name":"Ko\u0142o \u0141owieckie &quot;Le\u015bna Polana w S\u0142awnie&quot;","description":"Przybli\u017camy tematyk\u0119 \u0142owieck\u0105, informujemy cz\u0142onk\u00f3w ko\u0142a o bie\u017c\u0105cych wydarzeniach.","potentialAction":[{"@type":"SearchAction","target":{"@type":"EntryPoint","urlTemplate":"http:\/\/www.lesnapolanaslawno.pl\/?s={search_term_string}"},"query-input":"required name=search_term_string"}],"inLanguage":"pl-PL"},{"@type":"ImageObject","@id":"http:\/\/www.lesnapolanaslawno.pl\/index.php\/kolo-lowieckie\/#primaryimage","inLanguage":"pl-PL","url":"http:\/\/www.lesnapolanaslawno.pl\/wp-content\/uploads\/2016\/11\/headerLP.jpg","contentUrl":"http:\/\/www.lesnapolanaslawno.pl\/wp-content\/uploads\/2016\/11\/headerLP.jpg","width":3952,"height":1662},{"@type":"WebPage","@id":"http:\/\/www.lesnapolanaslawno.pl\/index.php\/kolo-lowieckie\/#webpage","url":"http:\/\/www.lesnapolanaslawno.pl\/index.php\/kolo-lowieckie\/","name":"Ko\u0142o \u0141owieckie - Ko\u0142o \u0141owieckie &quot;Le\u015bna Polana w S\u0142awnie&quot;","isPartOf":{"@id":"http:\/\/www.lesnapolanaslawno.pl\/#website"},"primaryImageOfPage":{"@id":"http:\/\/www.lesnapolanaslawno.pl\/index.php\/kolo-lowieckie\/#primaryimage"},"datePublished":"2016-11-29T15:13:30+00:00","dateModified":"2017-01-02T14:15:05+00:00","breadcrumb":{"@id":"http:\/\/www.lesnapolanaslawno.pl\/index.php\/kolo-lowieckie\/#breadcrumb"},"inLanguage":"pl-PL","potentialAction":[{"@type":"ReadAction","target":["http:\/\/www.lesnapolanaslawno.pl\/index.php\/kolo-lowieckie\/"]}]},{"@type":"BreadcrumbList","@id":"http:\/\/www.lesnapolanaslawno.pl\/index.php\/kolo-lowieckie\/#breadcrumb","itemListElement":[{"@type":"ListItem","position":1,"name":"Strona g\u0142\u00f3wna","item":"http:\/\/www.lesnapolanaslawno.pl\/"},{"@type":"ListItem","position":2,"name":"Ko\u0142o \u0141owieckie"}]}]}},"_links":{"self":[{"href":"http:\/\/www.lesnapolanaslawno.pl\/index.php\/wp-json\/wp\/v2\/pages\/19"}],"collection":[{"href":"http:\/\/www.lesnapolanaslawno.pl\/index.php\/wp-json\/wp\/v2\/pages"}],"about":[{"href":"http:\/\/www.lesnapolanaslawno.pl\/index.php\/wp-json\/wp\/v2\/types\/page"}],"author":[{"embeddable":true,"href":"http:\/\/www.lesnapolanaslawno.pl\/index.php\/wp-json\/wp\/v2\/users\/1"}],"replies":[{"embeddable":true,"href":"http:\/\/www.lesnapolanaslawno.pl\/index.php\/wp-json\/wp\/v2\/comments?post=19"}],"version-history":[{"count":6,"href":"http:\/\/www.lesnapolanaslawno.pl\/index.php\/wp-json\/wp\/v2\/pages\/19\/revisions"}],"predecessor-version":[{"id":354,"href":"http:\/\/www.lesnapolanaslawno.pl\/index.php\/wp-json\/wp\/v2\/pages\/19\/revisions\/354"}],"wp:featuredmedia":[{"embeddable":true,"href":"http:\/\/www.lesnapolanaslawno.pl\/index.php\/wp-json\/wp\/v2\/media\/10"}],"wp:attachment":[{"href":"http:\/\/www.lesnapolanaslawno.pl\/index.php\/wp-json\/wp\/v2\/media?parent=19"}],"curies":[{"name":"wp","href":"https:\/\/api.w.org\/{rel}","templated":true}]}}