{"id":130,"date":"2016-11-30T14:16:52","date_gmt":"2016-11-30T13:16:52","guid":{"rendered":"http:\/\/www.lesnapolanaslawno.pl\/?page_id=130"},"modified":"2024-12-23T14:28:27","modified_gmt":"2024-12-23T13:28:27","slug":"kontakt","status":"publish","type":"page","link":"http:\/\/www.lesnapolanaslawno.pl\/index.php\/kontakt\/","title":{"rendered":"Kontakt"},"content":{"rendered":"<p><span style=\"color: #2b4927;\"><span style=\"font-family: Verdana;\">Wszelkie formalne pisma nale\u017cy przesy\u0142a\u0107 listownie lub sk\u0142ada\u0107 osobi\u015bcie na adres:<\/span><\/span><\/p>\n<p><span style=\"color: #2b4927;\"><span style=\"font-family: Verdana;\"><b>Ko\u0142o \u0141owieckie &#8222;Le\u015bna Polana&#8221; w S\u0142awnie<\/b><\/span><\/span><br \/>\n<span style=\"color: #2b4927;\"><span style=\"font-family: Verdana;\"><b>Tychowo 33<\/b><\/span><\/span><br \/>\n<span style=\"color: #2b4927;\"><span style=\"font-family: Verdana;\"><b>76-123 Tychowo, Polska<\/b><\/span><\/span><\/p>\n<p><span style=\"color: #ff0000;\"><span style=\"font-family: Verdana;\">Zg\u0142oszenia szk\u00f3d \u0142owieckich nale\u017cy przesy\u0142a\u0107 listownie lub sk\u0142ada\u0107 osobi\u015bcie na adres:<br \/>\n1. dla szk\u00f3d w obwodzie 95 &#8211; Bzowo 13, 76-251 Kobylnica<br \/>\n2. dla szk\u00f3d w obwodzie 19s &#8211; Stary Jaros\u0142aw 63a, 76-150 Dar\u0142owo<\/span><\/span><\/p>\n<p><span style=\"color: #2b4927;\"><span style=\"font-family: Verdana;\"><span style=\"font-size: medium;\">Inne zapytania i informacje:<u><b><br \/>\nlpslawno@gmail.com<\/b><\/u><\/span><\/span><\/span><\/p>\n<p><span style=\"text-decoration: underline;\"><strong>Konto bankowe do wp\u0142at na rzecz Ko\u0142a:<\/strong><\/span><\/p>\n<p>53 9317 0002 0000 0211 2000 0010<\/p>\n","protected":false},"excerpt":{"rendered":"<p>Wszelkie formalne pisma nale\u017cy przesy\u0142a\u0107 listownie lub sk\u0142ada\u0107 osobi\u015bcie na adres: Ko\u0142o \u0141owieckie &#8222;Le\u015bna Polana&#8221; w S\u0142awnie Tychowo 33 76-123 Tychowo, Polska Zg\u0142oszenia szk\u00f3d \u0142owieckich nale\u017cy przesy\u0142a\u0107 listownie lub sk\u0142ada\u0107 osobi\u015bcie na adres: 1. dla szk\u00f3d w obwodzie 95 &#8211; Bzowo 13, 76-251 Kobylnica 2. dla szk\u00f3d w obwodzie 19s &#8211; Stary Jaros\u0142aw 63a, 76-150 [&hellip;]<\/p>\n","protected":false},"author":1,"featured_media":0,"parent":0,"menu_order":0,"comment_status":"closed","ping_status":"closed","template":"","meta":[],"yoast_head":"<!-- This site is optimized with the Yoast SEO plugin v17.1 - https:\/\/yoast.com\/wordpress\/plugins\/seo\/ -->\n<title>Kontakt - Ko\u0142o \u0141owieckie &quot;Le\u015bna Polana w S\u0142awnie&quot;<\/title>\n<meta name=\"robots\" content=\"index, follow, max-snippet:-1, max-image-preview:large, max-video-preview:-1\" \/>\n<link rel=\"canonical\" href=\"http:\/\/www.lesnapolanaslawno.pl\/index.php\/kontakt\/\" \/>\n<meta property=\"og:locale\" content=\"pl_PL\" \/>\n<meta property=\"og:type\" content=\"article\" \/>\n<meta property=\"og:title\" content=\"Kontakt - Ko\u0142o \u0141owieckie &quot;Le\u015bna Polana w S\u0142awnie&quot;\" \/>\n<meta property=\"og:description\" content=\"Wszelkie formalne pisma nale\u017cy przesy\u0142a\u0107 listownie lub sk\u0142ada\u0107 osobi\u015bcie na adres: Ko\u0142o \u0141owieckie &#8222;Le\u015bna Polana&#8221; w S\u0142awnie Tychowo 33 76-123 Tychowo, Polska Zg\u0142oszenia szk\u00f3d \u0142owieckich nale\u017cy przesy\u0142a\u0107 listownie lub sk\u0142ada\u0107 osobi\u015bcie na adres: 1. dla szk\u00f3d w obwodzie 95 &#8211; Bzowo 13, 76-251 Kobylnica 2. dla szk\u00f3d w obwodzie 19s &#8211; Stary Jaros\u0142aw 63a, 76-150 [&hellip;]\" \/>\n<meta property=\"og:url\" content=\"http:\/\/www.lesnapolanaslawno.pl\/index.php\/kontakt\/\" \/>\n<meta property=\"og:site_name\" content=\"Ko\u0142o \u0141owieckie &quot;Le\u015bna Polana w S\u0142awnie&quot;\" \/>\n<meta property=\"article:modified_time\" content=\"2024-12-23T13:28:27+00:00\" \/>\n<meta property=\"og:image\" content=\"http:\/\/www.lesnapolanaslawno.pl\/wp-content\/uploads\/2016\/11\/cropped-18_3-krzy\u017c-\u015bw.-Huberta.jpg\" \/>\n\t<meta property=\"og:image:width\" content=\"512\" \/>\n\t<meta property=\"og:image:height\" content=\"512\" \/>\n<meta name=\"twitter:card\" content=\"summary\" \/>\n<script type=\"application\/ld+json\" class=\"yoast-schema-graph\">{\"@context\":\"https:\/\/schema.org\",\"@graph\":[{\"@type\":\"WebSite\",\"@id\":\"http:\/\/www.lesnapolanaslawno.pl\/#website\",\"url\":\"http:\/\/www.lesnapolanaslawno.pl\/\",\"name\":\"Ko\\u0142o \\u0141owieckie &quot;Le\\u015bna Polana w S\\u0142awnie&quot;\",\"description\":\"Przybli\\u017camy tematyk\\u0119 \\u0142owieck\\u0105, informujemy cz\\u0142onk\\u00f3w ko\\u0142a o bie\\u017c\\u0105cych wydarzeniach.\",\"potentialAction\":[{\"@type\":\"SearchAction\",\"target\":{\"@type\":\"EntryPoint\",\"urlTemplate\":\"http:\/\/www.lesnapolanaslawno.pl\/?s={search_term_string}\"},\"query-input\":\"required name=search_term_string\"}],\"inLanguage\":\"pl-PL\"},{\"@type\":\"WebPage\",\"@id\":\"http:\/\/www.lesnapolanaslawno.pl\/index.php\/kontakt\/#webpage\",\"url\":\"http:\/\/www.lesnapolanaslawno.pl\/index.php\/kontakt\/\",\"name\":\"Kontakt - Ko\\u0142o \\u0141owieckie &quot;Le\\u015bna Polana w S\\u0142awnie&quot;\",\"isPartOf\":{\"@id\":\"http:\/\/www.lesnapolanaslawno.pl\/#website\"},\"datePublished\":\"2016-11-30T13:16:52+00:00\",\"dateModified\":\"2024-12-23T13:28:27+00:00\",\"breadcrumb\":{\"@id\":\"http:\/\/www.lesnapolanaslawno.pl\/index.php\/kontakt\/#breadcrumb\"},\"inLanguage\":\"pl-PL\",\"potentialAction\":[{\"@type\":\"ReadAction\",\"target\":[\"http:\/\/www.lesnapolanaslawno.pl\/index.php\/kontakt\/\"]}]},{\"@type\":\"BreadcrumbList\",\"@id\":\"http:\/\/www.lesnapolanaslawno.pl\/index.php\/kontakt\/#breadcrumb\",\"itemListElement\":[{\"@type\":\"ListItem\",\"position\":1,\"name\":\"Strona g\\u0142\\u00f3wna\",\"item\":\"http:\/\/www.lesnapolanaslawno.pl\/\"},{\"@type\":\"ListItem\",\"position\":2,\"name\":\"Kontakt\"}]}]}<\/script>\n<!-- \/ Yoast SEO plugin. -->","yoast_head_json":{"title":"Kontakt - Ko\u0142o \u0141owieckie &quot;Le\u015bna Polana w S\u0142awnie&quot;","robots":{"index":"index","follow":"follow","max-snippet":"max-snippet:-1","max-image-preview":"max-image-preview:large","max-video-preview":"max-video-preview:-1"},"canonical":"http:\/\/www.lesnapolanaslawno.pl\/index.php\/kontakt\/","og_locale":"pl_PL","og_type":"article","og_title":"Kontakt - Ko\u0142o \u0141owieckie &quot;Le\u015bna Polana w S\u0142awnie&quot;","og_description":"Wszelkie formalne pisma nale\u017cy przesy\u0142a\u0107 listownie lub sk\u0142ada\u0107 osobi\u015bcie na adres: Ko\u0142o \u0141owieckie &#8222;Le\u015bna Polana&#8221; w S\u0142awnie Tychowo 33 76-123 Tychowo, Polska Zg\u0142oszenia szk\u00f3d \u0142owieckich nale\u017cy przesy\u0142a\u0107 listownie lub sk\u0142ada\u0107 osobi\u015bcie na adres: 1. dla szk\u00f3d w obwodzie 95 &#8211; Bzowo 13, 76-251 Kobylnica 2. dla szk\u00f3d w obwodzie 19s &#8211; Stary Jaros\u0142aw 63a, 76-150 [&hellip;]","og_url":"http:\/\/www.lesnapolanaslawno.pl\/index.php\/kontakt\/","og_site_name":"Ko\u0142o \u0141owieckie &quot;Le\u015bna Polana w S\u0142awnie&quot;","article_modified_time":"2024-12-23T13:28:27+00:00","og_image":[{"width":512,"height":512,"url":"http:\/\/www.lesnapolanaslawno.pl\/wp-content\/uploads\/2016\/11\/cropped-18_3-krzy\u017c-\u015bw.-Huberta.jpg","path":"\/home\/lesnapolkj\/www\/wp-content\/uploads\/2016\/11\/cropped-18_3-krzy\u017c-\u015bw.-Huberta.jpg","size":"full","id":13,"alt":"","pixels":262144,"type":"image\/jpeg"}],"twitter_card":"summary","schema":{"@context":"https:\/\/schema.org","@graph":[{"@type":"WebSite","@id":"http:\/\/www.lesnapolanaslawno.pl\/#website","url":"http:\/\/www.lesnapolanaslawno.pl\/","name":"Ko\u0142o \u0141owieckie &quot;Le\u015bna Polana w S\u0142awnie&quot;","description":"Przybli\u017camy tematyk\u0119 \u0142owieck\u0105, informujemy cz\u0142onk\u00f3w ko\u0142a o bie\u017c\u0105cych wydarzeniach.","potentialAction":[{"@type":"SearchAction","target":{"@type":"EntryPoint","urlTemplate":"http:\/\/www.lesnapolanaslawno.pl\/?s={search_term_string}"},"query-input":"required name=search_term_string"}],"inLanguage":"pl-PL"},{"@type":"WebPage","@id":"http:\/\/www.lesnapolanaslawno.pl\/index.php\/kontakt\/#webpage","url":"http:\/\/www.lesnapolanaslawno.pl\/index.php\/kontakt\/","name":"Kontakt - Ko\u0142o \u0141owieckie &quot;Le\u015bna Polana w S\u0142awnie&quot;","isPartOf":{"@id":"http:\/\/www.lesnapolanaslawno.pl\/#website"},"datePublished":"2016-11-30T13:16:52+00:00","dateModified":"2024-12-23T13:28:27+00:00","breadcrumb":{"@id":"http:\/\/www.lesnapolanaslawno.pl\/index.php\/kontakt\/#breadcrumb"},"inLanguage":"pl-PL","potentialAction":[{"@type":"ReadAction","target":["http:\/\/www.lesnapolanaslawno.pl\/index.php\/kontakt\/"]}]},{"@type":"BreadcrumbList","@id":"http:\/\/www.lesnapolanaslawno.pl\/index.php\/kontakt\/#breadcrumb","itemListElement":[{"@type":"ListItem","position":1,"name":"Strona g\u0142\u00f3wna","item":"http:\/\/www.lesnapolanaslawno.pl\/"},{"@type":"ListItem","position":2,"name":"Kontakt"}]}]}},"_links":{"self":[{"href":"http:\/\/www.lesnapolanaslawno.pl\/index.php\/wp-json\/wp\/v2\/pages\/130"}],"collection":[{"href":"http:\/\/www.lesnapolanaslawno.pl\/index.php\/wp-json\/wp\/v2\/pages"}],"about":[{"href":"http:\/\/www.lesnapolanaslawno.pl\/index.php\/wp-json\/wp\/v2\/types\/page"}],"author":[{"embeddable":true,"href":"http:\/\/www.lesnapolanaslawno.pl\/index.php\/wp-json\/wp\/v2\/users\/1"}],"replies":[{"embeddable":true,"href":"http:\/\/www.lesnapolanaslawno.pl\/index.php\/wp-json\/wp\/v2\/comments?post=130"}],"version-history":[{"count":6,"href":"http:\/\/www.lesnapolanaslawno.pl\/index.php\/wp-json\/wp\/v2\/pages\/130\/revisions"}],"predecessor-version":[{"id":887,"href":"http:\/\/www.lesnapolanaslawno.pl\/index.php\/wp-json\/wp\/v2\/pages\/130\/revisions\/887"}],"wp:attachment":[{"href":"http:\/\/www.lesnapolanaslawno.pl\/index.php\/wp-json\/wp\/v2\/media?parent=130"}],"curies":[{"name":"wp","href":"https:\/\/api.w.org\/{rel}","templated":true}]}}

<p><span style="color: #2b4927;"><span style="font-family: Verdana;">Wszelkie formalne pisma należy przesyłać listownie lub składać osobiście na adres:</span></span></p>
<p><span style="color: #2b4927;"><span style="font-family: Verdana;"><b>Koło Łowieckie &#8222;Leśna Polana&#8221; w Sławnie</b></span></span><br />
<span style="color: #2b4927;"><span style="font-family: Verdana;"><b>Tychowo 33</b></span></span><br />
<span style="color: #2b4927;"><span style="font-family: Verdana;"><b>76-123 Tychowo, Polska</b></span></span></p>
<p><span style="color: #ff0000;"><span style="font-family: Verdana;">Zgłoszenia szkód łowieckich należy przesyłać listownie lub składać osobiście na adres:<br />
1. dla szkód w obwodzie 95 &#8211; Bzowo 13, 76-251 Kobylnica<br />
2. dla szkód w obwodzie 19s &#8211; Stary Jarosław 63a, 76-150 Darłowo</span></span></p>
<p><span style="color: #2b4927;"><span style="font-family: Verdana;"><span style="font-size: medium;">Inne zapytania i informacje:<u><b><br />
lpslawno@gmail.com</b></u></span></span></span></p>
<p><span style="text-decoration: underline;"><strong>Konto bankowe do wpłat na rzecz Koła:</strong></span></p>
<p>53 9317 0002 0000 0211 2000 0010</p>

<p>Wszelkie formalne pisma należy przesyłać listownie lub składać osobiście na adres: Koło Łowieckie &#8222;Leśna Polana&#8221; w Sławnie Tychowo 33 76-123 Tychowo, Polska Zgłoszenia szkód łowieckich należy przesyłać listownie lub składać osobiście na adres: 1. dla szkód w obwodzie 95 &#8211; Bzowo 13, 76-251 Kobylnica 2. dla szkód w obwodzie 19s &#8211; Stary Jarosław 63a, 76-150 [&hellip;]</p>

<!-- This site is optimized with the Yoast SEO plugin v17.1 - https://yoast.com/wordpress/plugins/seo/ -->
<title>Kontakt - Koło Łowieckie &quot;Leśna Polana w Sławnie&quot;</title>
<meta name="robots" content="index, follow, max-snippet:-1, max-image-preview:large, max-video-preview:-1" />
<link rel="canonical" href="http://www.lesnapolanaslawno.pl/index.php/kontakt/" />
<meta property="og:locale" content="pl_PL" />
<meta property="og:type" content="article" />
<meta property="og:title" content="Kontakt - Koło Łowieckie &quot;Leśna Polana w Sławnie&quot;" />
<meta property="og:description" content="Wszelkie formalne pisma należy przesyłać listownie lub składać osobiście na adres: Koło Łowieckie &#8222;Leśna Polana&#8221; w Sławnie Tychowo 33 76-123 Tychowo, Polska Zgłoszenia szkód łowieckich należy przesyłać listownie lub składać osobiście na adres: 1. dla szkód w obwodzie 95 &#8211; Bzowo 13, 76-251 Kobylnica 2. dla szkód w obwodzie 19s &#8211; Stary Jarosław 63a, 76-150 [&hellip;]" />
<meta property="og:url" content="http://www.lesnapolanaslawno.pl/index.php/kontakt/" />
<meta property="og:site_name" content="Koło Łowieckie &quot;Leśna Polana w Sławnie&quot;" />
<meta property="article:modified_time" content="2024-12-23T13:28:27+00:00" />
<meta property="og:image" content="http://www.lesnapolanaslawno.pl/wp-content/uploads/2016/11/cropped-18_3-krzyż-św.-Huberta.jpg" />
	<meta property="og:image:width" content="512" />
	<meta property="og:image:height" content="512" />
<meta name="twitter:card" content="summary" />
<script type="application/ld+json" class="yoast-schema-graph">{"@context":"https://schema.org","@graph":[{"@type":"WebSite","@id":"http://www.lesnapolanaslawno.pl/#website","url":"http://www.lesnapolanaslawno.pl/","name":"Ko\u0142o \u0141owieckie &quot;Le\u015bna Polana w S\u0142awnie&quot;","description":"Przybli\u017camy tematyk\u0119 \u0142owieck\u0105, informujemy cz\u0142onk\u00f3w ko\u0142a o bie\u017c\u0105cych wydarzeniach.","potentialAction":[{"@type":"SearchAction","target":{"@type":"EntryPoint","urlTemplate":"http://www.lesnapolanaslawno.pl/?s={search_term_string}"},"query-input":"required name=search_term_string"}],"inLanguage":"pl-PL"},{"@type":"WebPage","@id":"http://www.lesnapolanaslawno.pl/index.php/kontakt/#webpage","url":"http://www.lesnapolanaslawno.pl/index.php/kontakt/","name":"Kontakt - Ko\u0142o \u0141owieckie &quot;Le\u015bna Polana w S\u0142awnie&quot;","isPartOf":{"@id":"http://www.lesnapolanaslawno.pl/#website"},"datePublished":"2016-11-30T13:16:52+00:00","dateModified":"2024-12-23T13:28:27+00:00","breadcrumb":{"@id":"http://www.lesnapolanaslawno.pl/index.php/kontakt/#breadcrumb"},"inLanguage":"pl-PL","potentialAction":[{"@type":"ReadAction","target":["http://www.lesnapolanaslawno.pl/index.php/kontakt/"]}]},{"@type":"BreadcrumbList","@id":"http://www.lesnapolanaslawno.pl/index.php/kontakt/#breadcrumb","itemListElement":[{"@type":"ListItem","position":1,"name":"Strona g\u0142\u00f3wna","item":"http://www.lesnapolanaslawno.pl/"},{"@type":"ListItem","position":2,"name":"Kontakt"}]}]}</script>
<!-- / Yoast SEO plugin. -->

Kontakt - Koło Łowieckie &quot;Leśna Polana w Sławnie&quot;

Wszelkie formalne pisma należy przesyłać listownie lub składać osobiście na adres: Koło Łowieckie &#8222;Leśna Polana&#8221; w Sławnie Tychowo 33 76-123 Tychowo, Polska Zgłoszenia szkód łowieckich należy przesyłać listownie lub składać osobiście na adres: 1. dla szkód w obwodzie 95 &#8211; Bzowo 13, 76-251 Kobylnica 2. dla szkód w obwodzie 19s &#8211; Stary Jarosław 63a, 76-150 [&hellip;]

Koło Łowieckie &quot;Leśna Polana w Sławnie&quot;

http://www.lesnapolanaslawno.pl/wp-content/uploads/2016/11/cropped-18_3-krzyż-św.-Huberta.jpg

/home/lesnapolkj/www/wp-content/uploads/2016/11/cropped-18_3-krzyż-św.-Huberta.jpg

Przybliżamy tematykę łowiecką, informujemy członków koła o bieżących wydarzeniach.

Strona główna
